373
CDUS43 KDMX 260628
CLIDSM

CLIMATE REPORT
NATIONAL WEATHER SERVICE DES MOINES IA
1228 AM CST THU NOV 26 2020

...................................

...THE DES MOINES IA CLIMATE SUMMARY FOR NOVEMBER 25 2020...

CLIMATE NORMAL PERIOD 1981 TO 2010
CLIMATE RECORD PERIOD 1878 TO 2020


WEATHER ITEM   OBSERVED TIME   RECORD YEAR NORMAL DEPARTURE LAST
                VALUE   (LST)  VALUE       VALUE  FROM      YEAR
                                                  NORMAL
..................................................................
TEMPERATURE (F)
 YESTERDAY
  MAXIMUM         41   1207 AM  68    1960  42     -1       53
  MINIMUM         37   1159 PM   2    1991  26     11       36
  AVERAGE         39                        34      5       45

PRECIPITATION (IN)
  YESTERDAY        0.37          1.15 1992   0.07   0.30     0.00
  MONTH TO DATE    2.48                      1.88   0.60     0.87
  SINCE SEP 1     10.45                      7.57   2.88    13.18
  SINCE JAN 1     32.41                     34.29  -1.88    47.60

SNOWFALL (IN)
  YESTERDAY        0.0           9.3  1992   0.1   -0.1      0.0
  MONTH TO DATE    2.1                       1.6    0.5      3.2
  SINCE SEP 1      5.2                       2.0    3.2      5.4
  SINCE JUL 1      5.2                       2.0    3.2      5.4
  SNOW DEPTH       0

DEGREE DAYS
 HEATING              DSMCLIDSY 000
TTAA00 KDMX 260628
  YESTERDAY       26                        31     -5       20
  MONTH TO DATE  476                       611   -135      736
  SINCE SEP 1   1097                      1089      8     1266
  SINCE JUL 1   1097                      1095      2     1268

 COOLING
  YESTERDAY        0                         0      0        0
  MONTH TO DATE    0                         0      0        0
  SINCE SEP 1    109                       127    -18      222
  SINCE JAN 1   1208                      1066    142     1160
..................................................................


WIND (MPH)
  HIGHEST WIND SPEED    23   HIGHEST WIND DIRECTION     N (360)
  HIGHEST GUST SPEED    29   HIGHEST GUST DIRECTION     N (350)
  AVERAGE WIND SPEED    10.8


SKY COVER
  AVERAGE SKY COVER 1.0


WEATHER CONDITIONS
 THE FOLLOWING WEATHER WAS RECORDED YESTERDAY.
  RAIN
  LIGHT RAIN
  FOG


RELATIVE HUMIDITY (PERCENT)
 HIGHEST   100           600 PM
 LOWEST     85           200 PM
 AVERAGE    93

..........................................................


THE DES MOINES IA CLIMATE NORMALS FOR TODAY
                         NORMAL    RECORD    YEAR
 MAXIMUM TEMPERATURE (F)   42        71      1990
 MINIMUM TEMPERATURE (F)   25        -2      1898


SUNRISE AND SUNSET
NOVEMBER 26 2020......SUNRISE   717 AM CST   SUNSET   447 PM CST
NOVEMBER 27 2020......SUNRISE   718 AM CST   SUNSET   447 PM CST


-  INDICATES NEGATIVE NUMBERS.
R  INDICATES RECORD WAS SET OR TIED.
MM INDICATES DATA IS MISSING.
T  INDICATES TRACE AMOUNT.

$$

REV
