000
CDUS41 KPBZ 282123
CLIDUJ

CLIMATE REPORT
NATIONAL WEATHER SERVICE PITTSBURGH PA
423 PM EST SAT NOV 28 2020

...................................

...THE DUBOIS PA CLIMATE SUMMARY FOR NOVEMBER 28 2020...
VALID TODAY AS OF 0400 PM LOCAL TIME.

CLIMATE NORMAL PERIOD 1981 TO 2010
CLIMATE RECORD PERIOD 1960 TO 2020


WEATHER ITEM   OBSERVED TIME   RECORD YEAR NORMAL DEPARTURE LAST
                VALUE   (LST)  VALUE       VALUE  FROM      YEAR
                                                  NORMAL
...................................................................
TEMPERATURE (F)
 TODAY
  MAXIMUM         44    239 PM  71    2005  41      3       34
  MINIMUM         37   1032 AM  10    1996  27     10       31
  AVERAGE         41                        34      7       33

PRECIPITATION (IN)
  TODAY            0.01         MM      MM   0.12  -0.11     0.02
  MONTH TO DATE    2.32                      3.43  -1.11     1.26
  SINCE SEP 1      7.11                     10.21  -3.10     9.81
  SINCE JAN 1     32.48                     39.82  -7.34    43.62

DEGREE DAYS
 HEATING
  TODAY           24                        31     -7       32
  MONTH TO DATE  546                       713   -167      850
  SINCE SEP 1   1119                      1394   -275     1330
  SINCE JUL 1   1123                      1456   -333     1357

 COOLING
  TODAY            0                         0      0        0
  MONTH TO DATE    0                         0      0        0
  SINCE SEP 1     49                        31     18       55
  SINCE JAN 1    652                       362    290      430
...................................................................


WIND (MPH)
  HIGHEST WIND SPEED    20   HIGHEST WIND DIRECTION     W (280)
  HIGHEST GUST SPEED    24   HIGHEST GUST DIRECTION     W (270)
  AVERAGE WIND SPEED     9.3


SKY COVER
  POSSIBLE SUNSHINE  MM
  AVERAGE SKY COVER 0.6


WEATHER CONDITIONS
THE FOLLOWING WEATHER WAS RECORDED TODAY.
  LIGHT RAIN
  FOG


RELATIVE HUMIDITY (PERCENT)
 HIGHEST    89           200 AM
 LOWEST     47           300 PM
 AVERAGE    68

..........................................................


THE DUBOIS PA CLIMATE NORMALS FOR TOMORROW
                         NORMAL    RECORD    YEAR
 MAXIMUM TEMPERATURE (F)   41        73      2005
 MINIMUM TEMPERATURE (F)   27         6      1976


SUNRISE AND SUNSET
NOVEMBER 28 2020......SUNRISE   719 AM EST   SUNSET   448 PM EST
NOVEMBER 29 2020......SUNRISE   720 AM EST   SUNSET   448 PM EST


-  INDICATES NEGATIVE NUMBERS.
R  INDICATES RECORD WAS SET OR TIED.
MM INDICATES DATA IS MISSING.
T  INDICATES TRACE AMOUNT.




$$
