000
CDUS43 KFGF 040621
CLIDVL

CLIMATE REPORT
NATIONAL WEATHER SERVICE GRAND FORKS
1221 AM CST FRI DEC 04 2020

...................................

...THE DEVILS LAKE ND CLIMATE SUMMARY FOR DECEMBER 3 2020...

CLIMATE NORMAL PERIOD 1981 TO 2010
CLIMATE RECORD PERIOD 1921 TO 2020


WEATHER ITEM   OBSERVED TIME   RECORD YEAR NORMAL DEPARTURE LAST
                VALUE   (LST)  VALUE       VALUE  FROM      YEAR
                                                  NORMAL
...................................................................
TEMPERATURE (F)
 YESTERDAY
  MAXIMUM         43        MM  56    1941  25     18       34
  MINIMUM         23        MM -20    1964   9     14       21
  AVERAGE         33                        17     16       28

PRECIPITATION (IN)
  YESTERDAY       MM             0.43 1961   0.02  MM        0.00
  MONTH TO DATE    0.10                      0.07   0.03      T
  SINCE DEC 1      0.10                      0.07   0.03      T
  SINCE JAN 1      9.94                     19.80  -9.86    13.43

DEGREE DAYS
 HEATING
  YESTERDAY       32                        48    -16       37
  MONTH TO DATE  102                       143    -41      126
  SINCE DEC 1    102                       143    -41      126
  SINCE JUL 1   2236                      2251    -15     2523

 COOLING
  YESTERDAY        0                         0      0        0
  MONTH TO DATE    0                         0      0        0
  SINCE DEC 1      0                         0      0        0
  SINCE JAN 1    448                       472    -24      350
...................................................................


WIND (MPH)
  HIGHEST WIND SPEED    20   HIGHEST WIND DIRECTION    NW (300)
  HIGHEST GUST SPEED    24   HIGHEST GUST DIRECTION    NW (300)
  AVERAGE WIND SPEED    11.4


SKY COVER
  AVERAGE SKY COVER 0.0


WEATHER CONDITIONS
THE FOLLOWING WEATHER WAS RECORDED YESTERDAY.
  NO SIGNIFICANT WEATHER WAS OBSERVED.


RELATIVE HUMIDITY (PERCENT)
 HIGHEST    85
 LOWEST     49
 AVERAGE    67

..........................................................


THE DEVILS LAKE ND CLIMATE NORMALS FOR TODAY
                         NORMAL    RECORD    YEAR
 MAXIMUM TEMPERATURE (F)   24        48      2015
 MINIMUM TEMPERATURE (F)    8       -22      1964


SUNRISE AND SUNSET
DECEMBER  4 2020......SUNRISE   809 AM CST   SUNSET   443 PM CST
DECEMBER  5 2020......SUNRISE   810 AM CST   SUNSET   443 PM CST


-  INDICATES NEGATIVE NUMBERS.
R  INDICATES RECORD WAS SET OR TIED.
MM INDICATES DATA IS MISSING.
T  INDICATES TRACE AMOUNT.




$$
