000
CDUS46 KOTX 290032
CLIEAT

CLIMATE REPORT
NATIONAL WEATHER SERVICE SPOKANE WA
432 PM PST SAT NOV 28 2020

...................................

...THE WENATCHEE WA PANGBORN FIELD CLIMATE SUMMARY FOR NOVEMBER 28 2020...
VALID AS OF 0400 PM LOCAL TIME.

CLIMATE NORMAL PERIOD 1981 TO 2010
CLIMATE RECORD PERIOD 1959 TO 2020


WEATHER ITEM   OBSERVED TIME   RECORD YEAR NORMAL DEPARTURE LAST
                VALUE   (LST)  VALUE       VALUE  FROM      YEAR
                                                  NORMAL
...................................................................
TEMPERATURE (F)
 TODAY
  MAXIMUM         39    259 PM  61    1995  38      1       36
  MINIMUM         30    854 AM   3    1985  28      2       20
  AVERAGE         35                        32      3       28

PRECIPITATION (IN)
  TODAY            T             0.28 1971   0.04  -0.04      T
  MONTH TO DATE    1.19                      1.02   0.17     0.11
  SINCE OCT 1      2.12                      1.46   0.66     0.60
  SINCE JAN 1      5.09                      6.52  -1.43     6.50

SNOWFALL (IN)
  TODAY            0.0

DEGREE DAYS
 HEATING
  TODAY           30                        32     -2       37
  MONTH TO DATE  759                       755      4      766
  SINCE SEP 1   1232                      1291    -59     1503
  SINCE JUL 1   1233                      1305    -72     1503

 COOLING
  TODAY            0                         0      0        0
  MONTH TO DATE    0                         0      0        0
  SINCE SEP 1    127                         2    125       65
  SINCE JAN 1    912                       790    122      832
...................................................................


WIND (MPH)
  HIGHEST WIND SPEED     8   HIGHEST WIND DIRECTION    SE (120)
  HIGHEST GUST SPEED     9   HIGHEST GUST DIRECTION    SE (120)
  AVERAGE WIND SPEED     1.8


SKY COVER
  POSSIBLE SUNSHINE  MM
  AVERAGE SKY COVER 0.7


WEATHER CONDITIONS
THE FOLLOWING WEATHER WAS RECORDED TODAY.
  LIGHT SNOW
  FOG
  FOG W/VISIBILITY <= 1/4 MILE


RELATIVE HUMIDITY (PERCENT)
 HIGHEST   100           400 AM
 LOWEST     82           200 PM
 AVERAGE    91

..........................................................


THE WENATCHEE WA PANGBORN FIELD CLIMATE NORMALS FOR TOMORROW
                         NORMAL    RECORD    YEAR
 MAXIMUM TEMPERATURE (F)   37        63      1995
 MINIMUM TEMPERATURE (F)   27         5      1985


SUNRISE AND SUNSET
NOVEMBER 28 2020......SUNRISE   724 AM PST   SUNSET   413 PM PST
NOVEMBER 29 2020......SUNRISE   726 AM PST   SUNSET   413 PM PST


-  INDICATES NEGATIVE NUMBERS.
R  INDICATES RECORD WAS SET OR TIED.
MM INDICATES DATA IS MISSING.
T  INDICATES TRACE AMOUNT.




$$
