000
CDUS43 KMPX 040622
CLIEAU

CLIMATE REPORT
NATIONAL WEATHER SERVICE TWIN CITIES/CHANHASSEN MN
1222 AM CST FRI DEC 04 2020

...................................

...THE EAU CLAIRE WI CLIMATE SUMMARY FOR DECEMBER 3 2020...

CLIMATE NORMAL PERIOD 1981 TO 2010
CLIMATE RECORD PERIOD 1893 TO 2020


WEATHER ITEM   OBSERVED TIME   RECORD YEAR NORMAL DEPARTURE LAST
                VALUE   (LST)  VALUE       VALUE  FROM      YEAR
                                                  NORMAL
...................................................................
TEMPERATURE (F)
 YESTERDAY
  MAXIMUM         42    142 PM  61    1998  32     10       35
  MINIMUM         27   1101 PM -20    1919  15     12       11
  AVERAGE         35                        23     12       23

PRECIPITATION (IN)
  YESTERDAY        0.00          0.62 1953   0.04  -0.04     0.00
  MONTH TO DATE    0.00                      0.13  -0.13     0.08
  SINCE DEC 1      0.00                      0.13  -0.13     0.08
  SINCE JAN 1     29.31                     30.11  -0.80    41.91

SNOWFALL (IN)
  YESTERDAY        0.0           6.3  1990   0.3   -0.3      0.0
  MONTH TO DATE    0.0                       0.9   -0.9      1.9
  SINCE DEC 1      0.0                       0.9   -0.9      1.9
  SINCE JUL 1      9.3                       7.2    2.1     13.3
  SNOW DEPTH       0

DEGREE DAYS
 HEATING
  YESTERDAY       30                        42    -12       42
  MONTH TO DATE  112                       124    -12      127
  SINCE DEC 1    112                       124    -12      127
  SINCE JUL 1   1863                      1870     -7     1871

 COOLING
  YESTERDAY        0                         0      0        0
  MONTH TO DATE    0                         0      0        0
  SINCE DEC 1      0                         0      0        0
  SINCE JAN 1    672                       579     93      463
...................................................................


WIND (MPH)
  HIGHEST WIND SPEED    17   HIGHEST WIND DIRECTION     W (250)
  HIGHEST GUST SPEED    24   HIGHEST GUST DIRECTION     W (250)
  AVERAGE WIND SPEED     9.1


SKY COVER
  POSSIBLE SUNSHINE  MM
  AVERAGE SKY COVER 0.4


WEATHER CONDITIONS
THE FOLLOWING WEATHER WAS RECORDED YESTERDAY.
  NO SIGNIFICANT WEATHER WAS OBSERVED.


RELATIVE HUMIDITY (PERCENT)
 HIGHEST    89           800 AM
 LOWEST     42           100 PM
 AVERAGE    66

..........................................................


THE EAU CLAIRE WI CLIMATE NORMALS FOR TODAY
                         NORMAL    RECORD    YEAR
 MAXIMUM TEMPERATURE (F)   31        58      2017
 MINIMUM TEMPERATURE (F)   15       -12      1893


SUNRISE AND SUNSET
DECEMBER  4 2020......SUNRISE   727 AM CST   SUNSET   425 PM CST
DECEMBER  5 2020......SUNRISE   728 AM CST   SUNSET   425 PM CST


-  INDICATES NEGATIVE NUMBERS.
R  INDICATES RECORD WAS SET OR TIED.
MM INDICATES DATA IS MISSING.
T  INDICATES TRACE AMOUNT.




$$
