416
CDUS42 KAKQ 130532
CLIECG

CLIMATE REPORT
NATIONAL WEATHER SERVICE WAKEFIELD VA
132 AM EDT SUN JUN 13 2021

...................................

...THE ELIZABETH CITY NC CLIMATE SUMMARY FOR JUNE 12 2021...

CLIMATE NORMAL PERIOD: 1991 TO 2020
CLIMATE RECORD PERIOD: 1934 TO 2021


WEATHER ITEM   OBSERVED TIME   RECORD YEAR NORMAL DEPARTURE LAST
                VALUE   (LST)  VALUE       VALUE  FROM      YEAR
                                                  NORMAL
...................................................................
TEMPERATURE (F)
 YESTERDAY
  MAXIMUM         76  10:30 AM  97    1939  85     -9       78
                                      1947
  MINIMUM         69  11:59 PM  47    1972  67      2       68
  AVERAGE         73                        76     -3       73

PRECIPITATION (IN)
  YESTERDAY        0.17          1.12 1995   0.16   0.01     0.10
  MONTH TO DATE    6.32                      1.81   4.51     0.82
  SINCE JUN 1      6.32                      1.81   4.51     0.82
  SINCE JAN 1     24.47                     18.41   6.06    27.07

SNOWFALL (IN)
  YESTERDAY        0.0           0.0  2002  MM     MM
  MONTH TO DATE    0.0                       0.0    0.0
  SINCE JUN 1      0.0                       0.0    0.0
  SINCE JUL 1      3.1                      MM     MM
  SNOW DEPTH       0

DEGREE DAYS
 HEATING
  YESTERDAY        0                         0      0        0
  MONTH TO DATE    1                         0      1        2
  SINCE JUN 1      1                         0      1        2
  SINCE JUL 1   2786                      3050   -264     2387

 COOLING
  YESTERDAY        8                        11     -3        8
  MONTH TO DATE  135                       111     24      141
  SINCE JUN 1    135                       111     24      141
  SINCE JAN 1    342                       321     21      358
...................................................................


WIND (MPH)
  HIGHEST WIND SPEED    23   HIGHEST WIND DIRECTION    NE (30)
  HIGHEST GUST SPEED    26   HIGHEST GUST DIRECTION    NE (30)
  AVERAGE WIND SPEED    11.7


SKY COVER
  POSSIBLE SUNSHINE  MM
  AVERAGE SKY COVER 0.9


WEATHER CONDITIONS
THE FOLLOWING WEATHER WAS RECORDED YESTERDAY.
  RAIN
  LIGHT RAIN
  FOG


RELATIVE HUMIDITY (PERCENT)
 HIGHEST    97           6:00 AM
 LOWEST     73           4:00 PM
 AVERAGE    85

..........................................................


THE ELIZABETH CITY NC CLIMATE NORMALS FOR TODAY
                         NORMAL    RECORD    YEAR
 MAXIMUM TEMPERATURE (F)   85        98      1944
 MINIMUM TEMPERATURE (F)   67        50      1980


SUNRISE AND SUNSET
JUNE 13 2021..........SUNRISE   5:47 AM EDT   SUNSET   8:23 PM EDT
JUNE 14 2021..........SUNRISE   5:47 AM EDT   SUNSET   8:24 PM EDT


-  INDICATES NEGATIVE NUMBERS.
R  INDICATES RECORD WAS SET OR TIED.
MM INDICATES DATA IS MISSING.
T  INDICATES TRACE AMOUNT.




$$
