000
CDUS42 KAKQ 280628
CLIECG


CLIMATE REPORT
NATIONAL WEATHER SERVICE WAKEFIELD, VA
127 AM EST SAT NOV 28 2020


...................................

...THE ELIZABETH CITY NC CLIMATE SUMMARY FOR NOVEMBER 27 2020...

CLIMATE NORMAL PERIOD 1981 TO 2010
CLIMATE RECORD PERIOD 1934 TO 2020


WEATHER ITEM   OBSERVED TIME   RECORD YEAR NORMAL DEPARTURE LAST
                VALUE   (LST)  VALUE       VALUE  FROM      YEAR
                                                  NORMAL
..................................................................
TEMPERATURE (F)
 YESTERDAY
  MAXIMUM         66    135 PM  82    1973  60      6       66
  MINIMUM         53    507 AM  21    1997  39     14       52
  AVERAGE         60                        50     10       59

PRECIPITATION (IN)
  YESTERDAY        0.00          1.19 2013   0.09  -0.09     0.09
  MONTH TO DATE    3.70                      2.80   0.90     2.82
  SINCE SEP 1     10.08                      9.80   0.28    16.14
  SINCE JAN 1     51.08                     43.76   7.32    52.93

SNOWFALL (IN)
  YESTERDAY        0.0           0.0  2002  MM     MM
  MONTH TO DATE    0.0                      MM     MM
  SINCE NOV 1      0.0                      MM     MM
  SINCE JUL 1      0.0                      MM     MM
  SNOW DEPTH       0

DEGREE DAYS
 HEATING
  YESTERDAY        5                        15    -10        6
  MONTH TO DATE  187                       316   -129      382
  SINCE SEP 1    210                       467   -257      429
  SINCE JUL 1    210                       467   -257      429

 COOLING
  YESTERDAY        0                         0      0        0
  MONTH TO DATE   35                         4     31        0
  SINCE SEP 1    458                       289    169      482
  SINCE JAN 1   2158                      1585    573     2250
..................................................................


WIND (MPH)
  HIGHEST WIND SPEED    10   HIGHEST WIND DIRECTION     N (350)
  HIGHEST GUST SPEED    13   HIGHEST GUST DIRECTION     N (20)
  AVERAGE WIND SPEED     4.1


SKY COVER
  POSSIBLE SUNSHINE  MM
  AVERAGE SKY COVER 0.9


WEATHER CONDITIONS
 THE FOLLOWING WEATHER WAS RECORDED YESTERDAY.
  FOG
  FOG W/VISIBILITY <= 1/4 MILE
  HAZE


RELATIVE HUMIDITY (PERCENT)
 HIGHEST   100           400 AM
 LOWEST     93           100 PM
 AVERAGE    97

..........................................................


THE ELIZABETH CITY NC CLIMATE NORMALS FOR TODAY
                         NORMAL    RECORD    YEAR
 MAXIMUM TEMPERATURE (F)   60        80      1985
                                             1973
 MINIMUM TEMPERATURE (F)   39        20      1936


SUNRISE AND SUNSET
NOVEMBER 28 2020......SUNRISE   655 AM EST   SUNSET   450 PM EST
NOVEMBER 29 2020......SUNRISE   656 AM EST   SUNSET   450 PM EST


-  INDICATES NEGATIVE NUMBERS.
R  INDICATES RECORD WAS SET OR TIED.
MM INDICATES DATA IS MISSING.
T  INDICATES TRACE AMOUNT.




$$
