250
CDUS45 KVEF 290021
CLIEED

CLIMATE REPORT
NATIONAL WEATHER SERVICE LAS VEGAS, NV
421 PM PST SAT NOV 28 2020

...................................

...THE NEEDLES CA CLIMATE SUMMARY FOR NOVEMBER 28 2020...
VALID TODAY AS OF 0400 PM LOCAL TIME.

CLIMATE NORMAL PERIOD: 1981 TO 2010
CLIMATE RECORD PERIOD: 1888 TO 2020


WEATHER ITEM   OBSERVED TIME   RECORD YEAR NORMAL DEPARTURE LAST
                VALUE   (LST)  VALUE       VALUE  FROM      YEAR
                                                  NORMAL
...................................................................
TEMPERATURE (F)
 TODAY
  MAXIMUM         66   1:36 PM  82    1904  67     -1       63
                                      1929
  MINIMUM         47   6:41 AM  30    1919  46      1       50
  AVERAGE         57                        56      1       57

PRECIPITATION (IN)
  TODAY            0.00          1.13 2019   0.01  -0.01     1.13
  MONTH TO DATE    0.03                      0.37  -0.34     2.68
  SINCE OCT 1      0.03                      0.63  -0.60     2.68
  SINCE JAN 1      3.17                      4.08  -0.91     7.44

DEGREE DAYS
 HEATING
  TODAY            8                         9     -1        8
  MONTH TO DATE  124                       120      4       78
  SINCE SEP 1    142                       129     13       99
  SINCE JUL 1    142                       129     13       99

 COOLING
  TODAY            0                         0      0        0
  MONTH TO DATE   79                        42     37       77
  SINCE SEP 1   1307                      1027    280     1066
  SINCE JAN 1   5203                      4530    673     4808
...................................................................


WIND (MPH)
  RESULTANT WIND SPEED  10   RESULTANT WIND DIRECTION   N (350)
  HIGHEST WIND SPEED    21   HIGHEST WIND DIRECTION     N (360)
  HIGHEST GUST SPEED    25   HIGHEST GUST DIRECTION     N (350)
  AVERAGE WIND SPEED    10.9


SKY COVER
  AVERAGE SKY COVER 0.0


WEATHER CONDITIONS
THE FOLLOWING WEATHER WAS RECORDED TODAY.
  NO SIGNIFICANT WEATHER WAS OBSERVED.


RELATIVE HUMIDITY (PERCENT)
 HIGHEST    31           6:00 AM
 LOWEST     14           2:00 PM
 AVERAGE    23

..........................................................


THE NEEDLES CA CLIMATE NORMALS FOR TOMORROW
                         NORMAL    RECORD    YEAR
 MAXIMUM TEMPERATURE (F)   67        85      1929
 MINIMUM TEMPERATURE (F)   45        25      1908


SUNRISE AND SUNSET
NOVEMBER 28 2020......SUNRISE   6:25 AM PST   SUNSET   4:28 PM PST
NOVEMBER 29 2020......SUNRISE   6:26 AM PST   SUNSET   4:28 PM PST


-  INDICATES NEGATIVE NUMBERS.
R  INDICATES RECORD WAS SET OR TIED.
MM INDICATES DATA IS MISSING.
T  INDICATES TRACE AMOUNT.




$$
