000
CDUS45 KGJT 282326
CLIEEO

CLIMATE REPORT
NATIONAL WEATHER SERVICE GRAND JUNCTION CO
426 PM MST SAT NOV 28 2020

...................................

...THE MEEKER CO CLIMATE SUMMARY FOR NOVEMBER 28 2020...
VALID TODAY AS OF 0400 PM LOCAL TIME.

CLIMATE NORMAL PERIOD 1981 TO 2010
CLIMATE RECORD PERIOD 9999 TO 9999


WEATHER ITEM   OBSERVED TIME   RECORD YEAR NORMAL DEPARTURE LAST
                VALUE   (LST)  VALUE       VALUE  FROM      YEAR
                                                  NORMAL
...................................................................
TEMPERATURE (F)
 TODAY
  MAXIMUM         44    317 PM  MM      MM  39      5       47
  MINIMUM          5    720 AM  MM      MM  14     -9       20
  AVERAGE         25                        26     -1       34

PRECIPITATION (IN)
  TODAY            0.00         MM      MM   0.04  -0.04     0.00
  MONTH TO DATE    0.90                      1.40  -0.50     0.66
  SINCE SEP 1      2.51                      5.02  -2.51     2.48
  SINCE JAN 1      9.75                     14.88  -5.13    14.54

SNOWFALL (IN)
  TODAY           MM            MM      MM  MM     MM       MM
  MONTH TO DATE   MM                        MM     MM       MM
  SINCE SEP 1     MM                        MM     MM       MM
  SINCE JUL 1     MM                        MM     MM       MM
  SNOW DEPTH      MM

DEGREE DAYS
 HEATING
  TODAY           40                        39      1       31
  MONTH TO DATE  833                       914    -81      869
  SINCE SEP 1   1776                      1804    -28     1930
  SINCE JUL 1   1785                      1858    -73     1941

 COOLING
  TODAY            0                         0      0        0
  MONTH TO DATE    0                         0      0        0
  SINCE SEP 1      4                         4      0       23
  SINCE JAN 1    265                       172     93      213
...................................................................


WIND (MPH)
  HIGHEST WIND SPEED    10   HIGHEST WIND DIRECTION     W (260)
  HIGHEST GUST SPEED    16   HIGHEST GUST DIRECTION    SW (240)
  AVERAGE WIND SPEED     1.8


SKY COVER
  POSSIBLE SUNSHINE  MM
  AVERAGE SKY COVER 0.0


WEATHER CONDITIONS
THE FOLLOWING WEATHER WAS RECORDED TODAY.
  NO SIGNIFICANT WEATHER WAS OBSERVED.


RELATIVE HUMIDITY (PERCENT)
 HIGHEST    84           100 AM
 LOWEST     28           300 PM
 AVERAGE    56

..........................................................


THE MEEKER CO CLIMATE NORMALS FOR TOMORROW
                         NORMAL    RECORD    YEAR
 MAXIMUM TEMPERATURE (F)   38        MM        MM
 MINIMUM TEMPERATURE (F)   14        MM        MM


SUNRISE AND SUNSET
NOVEMBER 28 2020......SUNRISE   712 AM MST   SUNSET   447 PM MST
NOVEMBER 29 2020......SUNRISE   713 AM MST   SUNSET   447 PM MST


-  INDICATES NEGATIVE NUMBERS.
R  INDICATES RECORD WAS SET OR TIED.
MM INDICATES DATA IS MISSING.
T  INDICATES TRACE AMOUNT.




$$
