869
CDUS44 KBMX 122127
CLIEET

CLIMATE REPORT
NATIONAL WEATHER SERVICE BIRMINGHAM AL
427 PM CDT SAT JUN 12 2021

...................................

...THE SHELBY COUNTY AIRPORT CLIMATE SUMMARY FOR JUNE 12 2021...
VALID AS OF 0400 PM LOCAL TIME.

CLIMATE NORMAL PERIOD 1991 TO 2020
CLIMATE RECORD PERIOD 9999 TO 9999


WEATHER ITEM   OBSERVED TIME   RECORD YEAR NORMAL DEPARTURE LAST
                VALUE   (LST)  VALUE       VALUE  FROM      YEAR
                                                  NORMAL
...................................................................
TEMPERATURE (F)
 TODAY
  MAXIMUM         90    103 PM  MM      MM  88      2       87
  MINIMUM         72    517 AM  MM      MM  68      4       62
  AVERAGE         81                        78      3       75

PRECIPITATION (IN)
  TODAY            0.04                      0.16  -0.12     0.00
  MONTH TO DATE    4.93                      1.87   3.06     0.82
  SINCE JUN 1      4.93                      1.87   3.06     0.82
  SINCE JAN 1     35.30                     27.60   7.70    39.17

DEGREE DAYS
 COOLING
  TODAY           16                        13      3       10
  MONTH TO DATE  141                       145     -4      161
  SINCE JUN 1    141                       145     -4      161
  SINCE JAN 1    392                       475    -83      477
...................................................................


WIND (MPH)
  HIGHEST WIND SPEED    13   HIGHEST WIND DIRECTION    NW (300)
  HIGHEST GUST SPEED    17   HIGHEST GUST DIRECTION    NW (310)
  AVERAGE WIND SPEED     4.0


SKY COVER
  POSSIBLE SUNSHINE  MM
  AVERAGE SKY COVER 0.7


WEATHER CONDITIONS
THE FOLLOWING WEATHER WAS RECORDED TODAY.
  THUNDERSTORM
  LIGHT RAIN
  FOG
  HAZE


RELATIVE HUMIDITY (PERCENT)
 HIGHEST    97           300 AM
 LOWEST     56           100 PM
 AVERAGE    77

..........................................................


THE SHELBY COUNTY AIRPORT CLIMATE NORMALS FOR TOMORROW
                         NORMAL    RECORD    YEAR
 MAXIMUM TEMPERATURE (F)   88        MM        MM
 MINIMUM TEMPERATURE (F)   69        MM        MM


SUNRISE AND SUNSET
JUNE 12 2021..........SUNRISE   538 AM CDT   SUNSET   757 PM CDT
JUNE 13 2021..........SUNRISE   538 AM CDT   SUNSET   757 PM CDT


-  INDICATES NEGATIVE NUMBERS.
R  INDICATES RECORD WAS SET OR TIED.
MM INDICATES DATA IS MISSING.
T  INDICATES TRACE AMOUNT.




$$
