000
CDUS44 KBMX 280920
CLIEET

CLIMATE REPORT
NATIONAL WEATHER SERVICE BIRMINGHAM AL
320 AM CST SAT NOV 28 2020

...................................

...THE SHELBY COUNTY AIRPORT CLIMATE SUMMARY FOR NOVEMBER 27 2020...

CLIMATE NORMAL PERIOD 1981 TO 2010
CLIMATE RECORD PERIOD 9999 TO 9999


WEATHER ITEM   OBSERVED TIME   RECORD YEAR NORMAL DEPARTURE LAST
                VALUE   (LST)  VALUE       VALUE  FROM      YEAR
                                                  NORMAL
...................................................................
TEMPERATURE (F)
 YESTERDAY
  MAXIMUM         67    251 PM  MM      MM  62      5       72
  MINIMUM         43    504 AM  MM      MM  41      2       50
  AVERAGE         55                        51      4       61

PRECIPITATION (IN)
  YESTERDAY        0.12                      0.17  -0.05     1.13
  MONTH TO DATE    1.67                      4.43  -2.76     3.81
  SINCE SEP 1     10.18                     11.28  -1.10     9.74
  SINCE JAN 1     59.02                     49.36   9.66    43.23

SNOWFALL (IN)
  YESTERDAY        0.0                      MM     MM        0.0
  MONTH TO DATE    0.0                       0.0    0.0      0.0
  SINCE SEP 1      0.0                      MM     MM        0.0
  SINCE JUL 1      0.0                      MM     MM        0.0
  SNOW DEPTH      MM

DEGREE DAYS
 HEATING
  YESTERDAY       10                        14     -4        4
  MONTH TO DATE  189                       277    -88      390
  SINCE SEP 1    250                       400   -150      475
  SINCE JUL 1    250                       400   -150      475
...................................................................


WIND (MPH)
  HIGHEST WIND SPEED     7   HIGHEST WIND DIRECTION    NW (310)
  HIGHEST GUST SPEED    10   HIGHEST GUST DIRECTION    NW (310)
  AVERAGE WIND SPEED     0.6


SKY COVER
  POSSIBLE SUNSHINE  MM
  AVERAGE SKY COVER 0.5


WEATHER CONDITIONS
THE FOLLOWING WEATHER WAS RECORDED YESTERDAY.
  LIGHT RAIN
  FOG


RELATIVE HUMIDITY (PERCENT)
 HIGHEST   100          1100 PM
 LOWEST     63          1000 AM
 AVERAGE    82

..........................................................


THE SHELBY COUNTY AIRPORT CLIMATE NORMALS FOR TODAY
                         NORMAL    RECORD    YEAR
 MAXIMUM TEMPERATURE (F)   62        MM        MM
 MINIMUM TEMPERATURE (F)   41        MM        MM


SUNRISE AND SUNSET
NOVEMBER 28 2020......SUNRISE   630 AM CST   SUNSET   440 PM CST
NOVEMBER 29 2020......SUNRISE   631 AM CST   SUNSET   440 PM CST


-  INDICATES NEGATIVE NUMBERS.
R  INDICATES RECORD WAS SET OR TIED.
MM INDICATES DATA IS MISSING.
T  INDICATES TRACE AMOUNT.




$$
