000
CDUS46 KEKA 041213
CLIEKA

CLIMATE REPORT
NATIONAL WEATHER SERVICE
413 AM PST FRI DEC 04 2020

...................................

...THE EUREKA CA CLIMATE SUMMARY FOR DECEMBER 3 2020...

CLIMATE NORMAL PERIOD: 1981 TO 2010
CLIMATE RECORD PERIOD: 1886 TO 2020


WEATHER ITEM   OBSERVED RECORD YEAR NORMAL DEPARTURE LAST
                VALUE   VALUE       VALUE  FROM      YEAR
                                           NORMAL
............................................................
TEMPERATURE (F)
 YESTERDAY
  MAXIMUM         53     71    1979  56     -3       60
  MINIMUM         42     31    2004  41      1       44
  AVERAGE         48                 48      0       52

PRECIPITATION (IN)
  YESTERDAY        0.00   2.21 1970   0.26  -0.26      T
  MONTH TO DATE    0.00               0.78  -0.78     0.19
  SINCE OCT 1      2.96               8.63  -5.67     3.45
  SINCE JAN 1     22.58              32.99 -10.41    36.56

SNOWFALL (IN)
  YESTERDAY        0.0    0.0  2001   0.0    0.0      0.0
                               2002
  MONTH TO DATE    0.0                0.0    0.0      0.0
  SINCE DEC 1      0.0                0.0    0.0      0.0
  SINCE JUL 1      0.0                0.0    0.0      0.0
  SNOW DEPTH       0

DEGREE DAYS
 HEATING
  YESTERDAY       17                 17      0       13
  MONTH TO DATE   57                 50      7       31
  SINCE DEC 1     57                 50      7       31
  SINCE JUL 1   1377               1472    -95     1234

 COOLING
  YESTERDAY        0                  0      0        0
  MONTH TO DATE    0                  0      0        0
  SINCE DEC 1      0                  0      0        0
  SINCE JAN 1     14                  0     14        9
............................................................


WIND (MPH)
  HIGHEST WIND SPEED     5   HIGHEST WIND DIRECTION    NW (310)
  HIGHEST GUST SPEED     5   HIGHEST GUST DIRECTION     N (0)
  AVERAGE WIND SPEED     1.3


SKY COVER
  AVERAGE SKY COVER 0.7


WEATHER CONDITIONS
THE FOLLOWING WEATHER WAS RECORDED YESTERDAY.
  FOG
  FOG W/VISIBILITY <= 1/4 MILE

..........................................................


THE EUREKA CA CLIMATE NORMALS FOR TODAY
                         NORMAL    RECORD    YEAR
 MAXIMUM TEMPERATURE (F)   55        69      1979
 MINIMUM TEMPERATURE (F)   41        28      2013


SUNRISE AND SUNSET
DECEMBER  4 2020......SUNRISE   7:25 AM PST   SUNSET   4:49 PM PST
DECEMBER  5 2020......SUNRISE   7:26 AM PST   SUNSET   4:49 PM PST


-  INDICATES NEGATIVE NUMBERS.
R  INDICATES RECORD WAS SET OR TIED.
MM INDICATES DATA IS MISSING.
T  INDICATES TRACE AMOUNT.




$$
