000
CDUS41 KRLX 260829
CLIEKN

CLIMATE REPORT
NATIONAL WEATHER SERVICE CHARLESTON WV
329 AM EST THU NOV 26 2020

...................................

...THE ELKINS WV CLIMATE SUMMARY FOR NOVEMBER 25 2020...

CLIMATE NORMAL PERIOD: 1981 TO 2010
CLIMATE RECORD PERIOD: 1899 TO 2020


WEATHER ITEM   OBSERVED TIME   RECORD YEAR NORMAL DEPARTURE LAST
                VALUE   (LST)  VALUE       VALUE  FROM      YEAR
                                                  NORMAL
...................................................................
TEMPERATURE (F)
 YESTERDAY
  MAXIMUM         63   1:57 PM  74    1908  49     14       56
  MINIMUM         33   4:59 AM   4    1950  28      5       29
  AVERAGE         48                        39      9       43

PRECIPITATION (IN)
  YESTERDAY        0.07          1.82 1900   0.12  -0.05     0.00
  MONTH TO DATE    2.92                      2.79   0.13     1.22
  SINCE SEP 1      7.91                      9.27  -1.36     7.03
  SINCE JAN 1     52.10                     42.08  10.02    44.74

SNOWFALL (IN)
  YESTERDAY        0.0           9.5  1950   0.3   -0.3      0.0
  MONTH TO DATE    0.3                       3.7   -3.4      4.6
  SINCE SEP 1      0.3                       4.1   -3.8      4.6
  SINCE JUL 1      0.3                       4.1   -3.8      4.6
  SNOW DEPTH       0

DEGREE DAYS
 HEATING
  YESTERDAY       17                        26     -9       22
  MONTH TO DATE  428                       558   -130      662
  SINCE SEP 1    863                      1119   -256      943
  SINCE JUL 1    863                      1149   -286      950

 COOLING
  YESTERDAY        0                         0      0        0
  MONTH TO DATE    0                         0      0        0
  SINCE SEP 1     68                        49     19      173
  SINCE JAN 1    750                       475    275      844
...................................................................


WIND (MPH)
  HIGHEST WIND SPEED    21   HIGHEST WIND DIRECTION     S (200)
  HIGHEST GUST SPEED    27   HIGHEST GUST DIRECTION     S (200)
  AVERAGE WIND SPEED     7.1


SKY COVER
  AVERAGE SKY COVER 0.3


WEATHER CONDITIONS
THE FOLLOWING WEATHER WAS RECORDED YESTERDAY.
  LIGHT RAIN


RELATIVE HUMIDITY (PERCENT)
 HIGHEST    79
 LOWEST     36
 AVERAGE    58

..........................................................


THE ELKINS WV CLIMATE NORMALS FOR TODAY
                         NORMAL    RECORD    YEAR
 MAXIMUM TEMPERATURE (F)   49        71      1908
                                             1946
                                             1990
 MINIMUM TEMPERATURE (F)   28         1      1938


SUNRISE AND SUNSET
NOVEMBER 26 2020......SUNRISE   7:14 AM EST   SUNSET   4:59 PM EST
NOVEMBER 27 2020......SUNRISE   7:15 AM EST   SUNSET   4:59 PM EST


-  INDICATES NEGATIVE NUMBERS.
R  INDICATES RECORD WAS SET OR TIED.
MM INDICATES DATA IS MISSING.
T  INDICATES TRACE AMOUNT.




$$
