000
CDUS45 KLKN 290934
CLIEKO


CLIMATE REPORT
NATIONAL WEATHER SERVICE ELKO NV
131 AM PST SUN NOV 29 2020


...................................

...THE ELKO AIRPORT NV CLIMATE SUMMARY FOR NOVEMBER 28 2020...

CLIMATE NORMAL PERIOD 1981 TO 2010
CLIMATE RECORD PERIOD 1888 TO 2020


WEATHER ITEM   OBSERVED TIME   RECORD YEAR NORMAL DEPARTURE LAST
                VALUE   (LST)  VALUE       VALUE  FROM      YEAR
                                                  NORMAL
..................................................................
TEMPERATURE (F)
 YESTERDAY
  MAXIMUM         48    240 PM  65    2014  42      6       39
  MINIMUM          8    703 AM -13    1896  18    -10       26
  AVERAGE         28                        30     -2       33

PRECIPITATION (IN)
  YESTERDAY        0.00          0.30 1971   0.04  -0.04     0.04
  MONTH TO DATE    0.87                      1.03  -0.16     0.15
  SINCE OCT 1      0.88                      1.78  -0.90     0.28
  SINCE JAN 1      4.94                      8.63  -3.69    12.77

SNOWFALL (IN)
  YESTERDAY        0.0           3.6  2001   0.2   -0.2      0.6
  MONTH TO DATE    3.9                       4.4   -0.5      1.1
  SINCE SEP 1      3.9                       5.1   -1.2      1.1
  SINCE JUL 1      3.9                       5.1   -1.2      1.1
  SNOW DEPTH       0

DEGREE DAYS
 HEATING
  YESTERDAY       37                        35      2       32
  MONTH TO DATE  796                       837    -41      737
  SINCE SEP 1   1402                      1615   -213     1691
  SINCE JUL 1   1409                      1666   -257     1696

 COOLING
  YESTERDAY        0                         0      0        0
  MONTH TO DATE    0                         0      0        0
  SINCE SEP 1     62                        21     41       47
  SINCE JAN 1    698                       383    315      503
..................................................................


WIND (MPH)
  HIGHEST WIND SPEED    12   HIGHEST WIND DIRECTION    SW (220)
  HIGHEST GUST SPEED    15   HIGHEST GUST DIRECTION    SW (220)
  AVERAGE WIND SPEED     4.0



WEATHER CONDITIONS
 THE FOLLOWING WEATHER WAS RECORDED YESTERDAY.
  NO SIGNIFICANT WEATHER WAS OBSERVED.


RELATIVE HUMIDITY (PERCENT)
 HIGHEST    88           400 AM
 LOWEST     31           300 PM
 AVERAGE    60

..........................................................


THE ELKO AIRPORT NV CLIMATE NORMALS FOR TODAY
                         NORMAL    RECORD    YEAR
 MAXIMUM TEMPERATURE (F)   41        63      1929
 MINIMUM TEMPERATURE (F)   18       -16      1896


SUNRISE AND SUNSET
NOVEMBER 29 2020......SUNRISE   647 AM PST   SUNSET   416 PM PST
NOVEMBER 30 2020......SUNRISE   648 AM PST   SUNSET   416 PM PST


-  INDICATES NEGATIVE NUMBERS.
R  INDICATES RECORD WAS SET OR TIED.
MM INDICATES DATA IS MISSING.
T  INDICATES TRACE AMOUNT.




$$
