847
CDUS44 KSHV 260842
CLIELD

CLIMATE REPORT
NATIONAL WEATHER SERVICE SHREVEPORT, LA
242 AM CST THU NOV 26 2020

...................................

...THE EL DORADO CLIMATE SUMMARY FOR NOVEMBER 25 2020...

CLIMATE NORMAL PERIOD: 1981 TO 2010
CLIMATE RECORD PERIOD: 1907 TO 2020


WEATHER ITEM   OBSERVED TIME   RECORD YEAR NORMAL DEPARTURE LAST
                VALUE   (LST)  VALUE       VALUE  FROM      YEAR
                                                  NORMAL
...................................................................
TEMPERATURE (F)
 YESTERDAY
  MAXIMUM         69  12:57 AM  81    1927  62      7       73
  MINIMUM         40  11:53 PM  19    1950  40      0       37
  AVERAGE         55                        51      4       55

PRECIPITATION (IN)
  YESTERDAY        0.69          1.74 2007   0.17   0.52     0.00
  MONTH TO DATE    0.96                      3.96  -3.00     0.79
  SINCE SEP 1     12.59                     12.26   0.33    11.20
  SINCE JAN 1     58.06                     46.81  11.25    57.65

SNOWFALL (IN)
  YESTERDAY        0.0
  MONTH TO DATE    0.0
  SINCE SEP 1      0.0
  SINCE JUL 1      0.0
  SNOW DEPTH       0

DEGREE DAYS
 HEATING
  YESTERDAY       10                        15     -5       10
  MONTH TO DATE  177                       270    -93      394
  SINCE SEP 1    321                       403    -82      544
  SINCE JUL 1    321                       403    -82      544

 COOLING
  YESTERDAY        0                         0      0        0
  MONTH TO DATE   16                        13      3        0
  SINCE SEP 1    380                       397    -17      654
  SINCE JAN 1   2127                      2124      3     2470
...................................................................


WIND (MPH)
  HIGHEST WIND SPEED    29   HIGHEST WIND DIRECTION     W (250)
  HIGHEST GUST SPEED    45   HIGHEST GUST DIRECTION    SW (230)
  AVERAGE WIND SPEED     7.0


SKY COVER
  POSSIBLE SUNSHINE  MM
  AVERAGE SKY COVER 0.2


WEATHER CONDITIONS
THE FOLLOWING WEATHER WAS RECORDED YESTERDAY.
  THUNDERSTORM
  HEAVY RAIN
  RAIN
  LIGHT RAIN
  FOG


RELATIVE HUMIDITY (PERCENT)
 HIGHEST    93           1:00 AM
 LOWEST     51           3:00 PM
 AVERAGE    72

..........................................................


THE EL DORADO CLIMATE NORMALS FOR TODAY
                         NORMAL    RECORD    YEAR
 MAXIMUM TEMPERATURE (F)   62        87      1927
 MINIMUM TEMPERATURE (F)   39        20      1938


SUNRISE AND SUNSET
NOVEMBER 26 2020......SUNRISE   6:53 AM CST   SUNSET   5:05 PM CST
NOVEMBER 27 2020......SUNRISE   6:54 AM CST   SUNSET   5:04 PM CST


-  INDICATES NEGATIVE NUMBERS.
R  INDICATES RECORD WAS SET OR TIED.
MM INDICATES DATA IS MISSING.
T  INDICATES TRACE AMOUNT.




$$
