000
CDUS44 KEPZ 280935
CLIELP

CLIMATE REPORT
NATIONAL WEATHER SERVICE EL PASO TX/SANTA TERESA NM
235 AM MST SAT NOV 28 2020

...................................

...THE EL PASO CLIMATE SUMMARY FOR NOVEMBER 27 2020...

CLIMATE NORMAL PERIOD 1981 TO 2010
CLIMATE RECORD PERIOD 1879 TO 2020


WEATHER ITEM   OBSERVED TIME   RECORD YEAR NORMAL DEPARTURE LAST
                VALUE   (LST)  VALUE       VALUE  FROM      YEAR
                                                  NORMAL
...................................................................
TEMPERATURE (F)
 YESTERDAY
  MAXIMUM         65    308 PM  79    2017  61      4       52
  MINIMUM         37    645 AM  18    1992  36      1       38
  AVERAGE         51                        49      2       45

PRECIPITATION (IN)
  YESTERDAY        0.00          0.85 2019   0.02  -0.02     0.85
  MONTH TO DATE    T                         0.44  -0.44     1.64
  SINCE SEP 1      0.77                      2.56  -1.79     4.52
  SINCE JAN 1      5.82                      8.88  -3.06     7.27

SNOWFALL (IN)
  YESTERDAY        0.0                                       0.0
  MONTH TO DATE    0.0                                       0.0
  SINCE OCT 1      T                                         0.0
  SINCE JUL 1      T                                         0.0
  SNOW DEPTH       0

DEGREE DAYS
 HEATING
  YESTERDAY       14                        16     -2       20
  MONTH TO DATE  115                       307   -192      282
  SINCE SEP 1    216                       390   -174      376
  SINCE JUL 1    216                       390   -174      376

 COOLING
  YESTERDAY        0                         0      0        0
  MONTH TO DATE   26                         0     26        0
  SINCE SEP 1    578                       399    179      602
  SINCE JAN 1   3311                      2328    983     3007
...................................................................


WIND (MPH)
  HIGHEST WIND SPEED    17   HIGHEST WIND DIRECTION     E (110)
  HIGHEST GUST SPEED    24   HIGHEST GUST DIRECTION     E (110)
  AVERAGE WIND SPEED     4.9


SKY COVER
  POSSIBLE SUNSHINE  MM
  AVERAGE SKY COVER 0.3


WEATHER CONDITIONS
THE FOLLOWING WEATHER WAS RECORDED YESTERDAY.
  NO SIGNIFICANT WEATHER WAS OBSERVED.


RELATIVE HUMIDITY (PERCENT)
 HIGHEST    49          1100 PM
 LOWEST     20          1100 AM
 AVERAGE    35

..........................................................


THE EL PASO CLIMATE NORMALS FOR TODAY
                         NORMAL    RECORD    YEAR
 MAXIMUM TEMPERATURE (F)   61        78      1949
 MINIMUM TEMPERATURE (F)   36         4      1976


SUNRISE AND SUNSET
NOVEMBER 28 2020......SUNRISE   646 AM MST   SUNSET   502 PM MST
NOVEMBER 29 2020......SUNRISE   647 AM MST   SUNSET   502 PM MST


-  INDICATES NEGATIVE NUMBERS.
R  INDICATES RECORD WAS SET OR TIED.
MM INDICATES DATA IS MISSING.
T  INDICATES TRACE AMOUNT.




$$
