000
CDUS44 KEPZ 130935
CLIELP

CLIMATE REPORT
NATIONAL WEATHER SERVICE EL PASO TX/SANTA TERESA NM
335 AM MDT SUN JUN 13 2021

...................................

...THE EL PASO CLIMATE SUMMARY FOR JUNE 12 2021...

CLIMATE NORMAL PERIOD 1991 TO 2020
CLIMATE RECORD PERIOD 1879 TO 2021


WEATHER ITEM   OBSERVED TIME   RECORD YEAR NORMAL DEPARTURE LAST
                VALUE   (LST)  VALUE       VALUE  FROM      YEAR
                                                  NORMAL
...................................................................
TEMPERATURE (F)
 YESTERDAY
  MAXIMUM        109R   408 PM 106    2013  97     12       96
  MINIMUM         71    524 AM  49    1979  70      1       66
  AVERAGE         90                        84      6       81

PRECIPITATION (IN)
  YESTERDAY        0.00          0.77 2000   0.02  -0.02     0.24
  MONTH TO DATE    0.02                      0.19  -0.17     0.25
  SINCE JUN 1      0.02                      0.19  -0.17     0.25
  SINCE JAN 1      1.02                      1.82  -0.80     3.53

SNOWFALL (IN)
  YESTERDAY        0.0                                       0.0
  MONTH TO DATE    0.0                                       0.0
  SINCE OCT 1      3.2                                       2.9
  SINCE JUL 1      3.2                                       2.9
  SNOW DEPTH       0

DEGREE DAYS
 HEATING
  YESTERDAY        0                         0      0        0
  MONTH TO DATE    0                         0      0        0
  SINCE JUN 1      0                         0      0        0
  SINCE JUL 1   2145                      2206    -61     2013

 COOLING
  YESTERDAY       25                        19      6       16
  MONTH TO DATE  227                       208     19      231
  SINCE JUN 1    227                       208     19      231
  SINCE JAN 1    735                       670     65      867
...................................................................


WIND (MPH)
  HIGHEST WIND SPEED    32   HIGHEST WIND DIRECTION     E (100)
  HIGHEST GUST SPEED    44   HIGHEST GUST DIRECTION     E (110)
  AVERAGE WIND SPEED     8.6


SKY COVER
  POSSIBLE SUNSHINE  MM
  AVERAGE SKY COVER 0.3


WEATHER CONDITIONS
THE FOLLOWING WEATHER WAS RECORDED YESTERDAY.
  THUNDERSTORM
  HAZE
  SANDSTORM


RELATIVE HUMIDITY (PERCENT)
 HIGHEST    22           600 PM
 LOWEST      8           400 PM
 AVERAGE    15

..........................................................


THE EL PASO CLIMATE NORMALS FOR TODAY
                         NORMAL    RECORD    YEAR
 MAXIMUM TEMPERATURE (F)   98       106      1939
                                             1980
 MINIMUM TEMPERATURE (F)   70        50      1881


SUNRISE AND SUNSET
JUNE 13 2021..........SUNRISE   600 AM MDT   SUNSET   812 PM MDT
JUNE 14 2021..........SUNRISE   600 AM MDT   SUNSET   812 PM MDT


-  INDICATES NEGATIVE NUMBERS.
R  INDICATES RECORD WAS SET OR TIED.
MM INDICATES DATA IS MISSING.
T  INDICATES TRACE AMOUNT.




$$
