395
CDUS45 KLKN 290029
CLIELY


CLIMATE REPORT
NATIONAL WEATHER SERVICE ELKO NV
429 PM PST SAT NOV 28 2020


...................................

...THE ELY AIRPORT NV CLIMATE SUMMARY FOR NOVEMBER 28 2020...
VALID TODAY AS OF 0400 PM LOCAL TIME.

CLIMATE NORMAL PERIOD 1981 TO 2010
CLIMATE RECORD PERIOD 1893 TO 2020


WEATHER ITEM   OBSERVED TIME   RECORD YEAR NORMAL DEPARTURE LAST
                VALUE   (LST)  VALUE       VALUE  FROM      YEAR
                                                  NORMAL
..................................................................
TEMPERATURE (F)
 TODAY
  MAXIMUM         55    255 PM  63    2014  43     12       30
  MINIMUM          7    608 AM -16    1896  14     -7       18
  AVERAGE         31                        28      3       24

PRECIPITATION (IN)
  TODAY            0.00          0.32 2019   0.02  -0.02     0.32
  MONTH TO DATE    0.54                      0.67  -0.13     0.90
  SINCE OCT 1      0.54                      1.67  -1.13     0.90
  SINCE JAN 1      4.61                      9.14  -4.53    13.76

SNOWFALL (IN)
  TODAY            0.0           2.6  1975   0.2   -0.2      0.4
  MONTH TO DATE    8.6                       5.7    2.9      8.0
  SINCE SEP 1      8.6                       9.1   -0.5      8.0
  SINCE JUL 1      8.6                       9.1   -0.5      8.0
  SNOW DEPTH       0

DEGREE DAYS
 HEATING
  TODAY           34                        36     -2       41
  MONTH TO DATE  835                       865    -30      752
  SINCE SEP 1   1514                      1729   -215     1801
  SINCE JUL 1   1523                      1793   -270     1818

 COOLING
  TODAY            0                         0      0        0
  MONTH TO DATE    0                         0      0        0
  SINCE SEP 1     28                         6     22       22
  SINCE JAN 1    372                       218    154      249
..................................................................


WIND (MPH)
  HIGHEST WIND SPEED    20   HIGHEST WIND DIRECTION     S (180)
  HIGHEST GUST SPEED    22   HIGHEST GUST DIRECTION     S (180)



WEATHER CONDITIONS
 THE FOLLOWING WEATHER WAS RECORDED TODAY.
  NO SIGNIFICANT WEATHER WAS OBSERVED.


RELATIVE HUMIDITY (PERCENT)
 HIGHEST    80           300 AM
 LOWEST     18           300 PM
 AVERAGE    49

..........................................................


THE ELY AIRPORT NV CLIMATE NORMALS FOR TOMORROW
                         NORMAL    RECORD    YEAR
 MAXIMUM TEMPERATURE (F)   43        66      1910
 MINIMUM TEMPERATURE (F)   14        -7      2006


SUNRISE AND SUNSET
NOVEMBER 28 2020......SUNRISE   638 AM PST   SUNSET   417 PM PST
NOVEMBER 29 2020......SUNRISE   639 AM PST   SUNSET   417 PM PST


-  INDICATES NEGATIVE NUMBERS.
R  INDICATES RECORD WAS SET OR TIED.
MM INDICATES DATA IS MISSING.
T  INDICATES TRACE AMOUNT.




$$
