000
CDUS46 KOTX 260841
CLIEPH

CLIMATE REPORT
NATIONAL WEATHER SERVICE SPOKANE WA
1241 AM PST THU NOV 26 2020

...................................

...THE EPHRATA WA AIRPORT CLIMATE SUMMARY FOR NOVEMBER 25 2020...

CLIMATE NORMAL PERIOD 1981 TO 2010
CLIMATE RECORD PERIOD 9999 TO 9999


WEATHER ITEM   OBSERVED TIME   RECORD YEAR NORMAL DEPARTURE LAST
                VALUE   (LST)  VALUE       VALUE  FROM      YEAR
                                                  NORMAL
...................................................................
TEMPERATURE (F)
 YESTERDAY
  MAXIMUM         43    255 PM  60    1962  40      3       46
  MINIMUM         25   1159 PM  -3    1985  26     -1       28
  AVERAGE         34                        33      1       37

PRECIPITATION (IN)
  YESTERDAY        0.00          0.35 2005   0.04  -0.04      T
  MONTH TO DATE    0.70                      0.86  -0.16     0.13
  SINCE OCT 1      1.09                      1.39  -0.30     0.71
  SINCE JAN 1      5.68                      6.41  -0.73     4.80

SNOWFALL (IN)
  YESTERDAY       MM

DEGREE DAYS
 HEATING
  YESTERDAY       31                        32     -1       28
  MONTH TO DATE  651                       673    -22      622
  SINCE SEP 1   1133                      1237   -104     1336
  SINCE JUL 1   1134                      1254   -120     1336

 COOLING
  YESTERDAY        0                         0      0        0
  MONTH TO DATE    0                         0      0        0
  SINCE SEP 1     97                        78     19       40
  SINCE JAN 1    846                       772     74      852
...................................................................


WIND (MPH)
  HIGHEST WIND SPEED    13   HIGHEST WIND DIRECTION     S (200)
  HIGHEST GUST SPEED    16   HIGHEST GUST DIRECTION    SW (210)
  AVERAGE WIND SPEED     5.0


SKY COVER
  POSSIBLE SUNSHINE  MM
  AVERAGE SKY COVER 0.2


WEATHER CONDITIONS
THE FOLLOWING WEATHER WAS RECORDED YESTERDAY.
  FOG
  FOG W/VISIBILITY <= 1/4 MILE
  HAZE


RELATIVE HUMIDITY (PERCENT)
 HIGHEST   100           100 AM
 LOWEST     70           300 PM
 AVERAGE    85

..........................................................


THE EPHRATA WA AIRPORT CLIMATE NORMALS FOR TODAY
                         NORMAL    RECORD    YEAR
 MAXIMUM TEMPERATURE (F)   40        57      1998
 MINIMUM TEMPERATURE (F)   26        -4      1985


SUNRISE AND SUNSET
NOVEMBER 26 2020......SUNRISE   719 AM PST   SUNSET   412 PM PST
NOVEMBER 27 2020......SUNRISE   720 AM PST   SUNSET   412 PM PST


-  INDICATES NEGATIVE NUMBERS.
R  INDICATES RECORD WAS SET OR TIED.
MM INDICATES DATA IS MISSING.
T  INDICATES TRACE AMOUNT.




$$
