002
CDUS41 KCLE 280729
CLIERI

CLIMATE REPORT
NATIONAL WEATHER SERVICE CLEVELAND, OH
229 AM EST SAT NOV 28 2020

...................................

...THE ERIE PA CLIMATE SUMMARY FOR NOVEMBER 27 2020...

CLIMATE NORMAL PERIOD 1981 TO 2010
CLIMATE RECORD PERIOD 1873 TO 2020


WEATHER ITEM   OBSERVED TIME   RECORD YEAR NORMAL DEPARTURE LAST
                VALUE   (LST)  VALUE       VALUE  FROM      YEAR
                                                  NORMAL
...................................................................
TEMPERATURE (F)
 YESTERDAY
  MAXIMUM         49    209 AM  71    1990  45      4       57
  MINIMUM         43   1159 PM  10    1930  33     10       38
  AVERAGE         46                        39      7       48

PRECIPITATION (IN)
  YESTERDAY        0.04                      0.13  -0.09     0.33
  MONTH TO DATE    3.59                      3.54   0.05     2.18
  SINCE SEP 1     13.06                     12.20   0.86     9.35
  SINCE JAN 1     37.91                     38.03  -0.12    35.67

SNOWFALL (IN)
  YESTERDAY        0.0                       0.5   -0.5      0.0
  MONTH TO DATE    1.1                       7.1   -6.0      7.9
  SINCE SEP 1      1.1                       7.3   -6.2      7.9
  SINCE JUL 1      1.1                       7.3   -6.2      7.9
  SNOW DEPTH       0

DEGREE DAYS
 HEATING
  YESTERDAY       19                        26     -7       17
  MONTH TO DATE  404                       572   -168      691
  SINCE SEP 1    795                      1057   -262      963
  SINCE JUL 1    795                      1075   -280      964

 COOLING
  YESTERDAY        0                         0      0        0
  MONTH TO DATE    7                         0      7        0
  SINCE SEP 1    117                        80     37      157
  SINCE JAN 1    980                       638    342      847
...................................................................


WIND (MPH)
  HIGHEST WIND SPEED    15   HIGHEST WIND DIRECTION     W (250)
  HIGHEST GUST SPEED    22   HIGHEST GUST DIRECTION    SW (240)
  AVERAGE WIND SPEED     7.3


SKY COVER
  POSSIBLE SUNSHINE  MM
  AVERAGE SKY COVER 1.0


WEATHER CONDITIONS
THE FOLLOWING WEATHER WAS RECORDED YESTERDAY.
  LIGHT RAIN
  FOG


RELATIVE HUMIDITY (PERCENT)
 HIGHEST    83          1200 AM
 LOWEST     61          1100 AM
 AVERAGE    72

..........................................................


THE ERIE PA CLIMATE NORMALS FOR TODAY
                         NORMAL    RECORD    YEAR
 MAXIMUM TEMPERATURE (F)   45        70      1990
 MINIMUM TEMPERATURE (F)   33         9      1955


SUNRISE AND SUNSET
NOVEMBER 28 2020......SUNRISE   727 AM EST   SUNSET   451 PM EST
NOVEMBER 29 2020......SUNRISE   728 AM EST   SUNSET   450 PM EST


-  INDICATES NEGATIVE NUMBERS.
R  INDICATES RECORD WAS SET OR TIED.
MM INDICATES DATA IS MISSING.
T  INDICATES TRACE AMOUNT.




$$
