000
CDUS46 KPQR 290232
CLIEUG


CLIMATE REPORT
NATIONAL WEATHER SERVICE PORTLAND OREGON
632 PM PST SAT NOV 28 2020


...................................

...THE EUGENE OR CLIMATE SUMMARY FOR NOVEMBER 28 2020...
VALID TODAY AS OF 0600 PM LOCAL TIME.

CLIMATE NORMAL PERIOD 1981 TO 2010
CLIMATE RECORD PERIOD 1892 TO 2020


WEATHER ITEM   OBSERVED TIME   RECORD YEAR NORMAL DEPARTURE LAST
                VALUE   (LST)  VALUE       VALUE  FROM      YEAR
                                                  NORMAL
..................................................................
TEMPERATURE (F)
 TODAY
  MAXIMUM         51    242 PM  68    1912  48      3       45
  MINIMUM         31    518 AM  15    1952  36     -5       23
  AVERAGE         41                        42     -1       34

PRECIPITATION (IN)
  TODAY            0.00          2.28 1893   0.30  -0.30     0.00
  MONTH TO DATE    5.28                      7.10  -1.82     1.13
  SINCE OCT 1      6.66                     10.35  -3.69     2.38
  SINCE JAN 1     26.66                     37.65 -10.99    30.87

SNOWFALL (IN)
  TODAY            0.0
  MONTH TO DATE    0.0
  SINCE SEP 1      0.0
  SINCE JUL 1      0.0

DEGREE DAYS
 HEATING
  TODAY           24                        23      1       31
  MONTH TO DATE  535                       556    -21      564
  SINCE SEP 1    921                      1059   -138     1148
  SINCE JUL 1    939                      1126   -187     1160

 COOLING
  TODAY            0                         0      0        0
  MONTH TO DATE    0                         0      0        0
  SINCE SEP 1     58                        31     27       45
  SINCE JAN 1    404                       239    165      353
..................................................................


WIND (MPH)
  HIGHEST WIND SPEED    12   HIGHEST WIND DIRECTION     W (290)
  HIGHEST GUST SPEED    14   HIGHEST GUST DIRECTION     W (290)
  AVERAGE WIND SPEED     5.7


SKY COVER
  POSSIBLE SUNSHINE  MM
  AVERAGE SKY COVER 0.7


WEATHER CONDITIONS
 THE FOLLOWING WEATHER WAS RECORDED TODAY.
  FOG
  FOG W/VISIBILITY <= 1/4 MILE


RELATIVE HUMIDITY (PERCENT)
 HIGHEST   100           100 AM
 LOWEST     66          1200 PM
 AVERAGE    83

..........................................................


THE EUGENE OR CLIMATE NORMALS FOR TOMORROW
                         NORMAL    RECORD    YEAR
 MAXIMUM TEMPERATURE (F)   48        68      1941
 MINIMUM TEMPERATURE (F)   36        16      1985
                                             1952


SUNRISE AND SUNSET
NOVEMBER 28 2020......SUNRISE   725 AM PST   SUNSET   437 PM PST
NOVEMBER 29 2020......SUNRISE   726 AM PST   SUNSET   436 PM PST


-  INDICATES NEGATIVE NUMBERS.
R  INDICATES RECORD WAS SET OR TIED.
MM INDICATES DATA IS MISSING.
T  INDICATES TRACE AMOUNT.




$$
