000
CDUS43 KPAH 290628
CLIEVV

CLIMATE REPORT
NATIONAL WEATHER SERVICE PADUCAH
1228 AM CST SUN NOV 29 2020

...................................

...THE EVANSVILLE IN CLIMATE SUMMARY FOR NOVEMBER 28 2020...

CLIMATE NORMAL PERIOD 1981 TO 2010
CLIMATE RECORD PERIOD 1896 TO 2020


WEATHER ITEM   OBSERVED TIME   RECORD YEAR NORMAL DEPARTURE LAST
                VALUE   (LST)  VALUE       VALUE  FROM      YEAR
                                                  NORMAL
...................................................................
TEMPERATURE (F)
 YESTERDAY
  MAXIMUM         54    335 PM  70    1905  50      4       41
                                      1909
                                      1997
  MINIMUM         30    703 AM  12    1955  32     -2       33
  AVERAGE         42                        41      1       37

PRECIPITATION (IN)
  YESTERDAY        0.00          1.56 2001   0.15  -0.15     0.02
  MONTH TO DATE    3.34                      4.03  -0.69     2.64
  SINCE SEP 1     12.62                     10.33   2.29     8.98
  SINCE JAN 1     58.49                     41.25  17.24    54.98

SNOWFALL (IN)
  YESTERDAY        0.0           6.9  1958   0.0    0.0      0.0
  MONTH TO DATE    0.0                       0.1   -0.1      1.1
  SINCE SEP 1      0.0                       0.3   -0.3      1.1
  SINCE JUL 1      0.0                       0.3   -0.3      1.1
  SNOW DEPTH       0

DEGREE DAYS
 HEATING
  YESTERDAY       23                        24     -1       28
  MONTH TO DATE  380                       510   -130      696
  SINCE SEP 1    670                       812   -142      949
  SINCE JUL 1    670                       813   -143      949

 COOLING
  YESTERDAY        0                         0      0        0
  MONTH TO DATE   14                         0     14        0
  SINCE SEP 1    226                       196     30      387
  SINCE JAN 1   1504                      1395    109     1640
...................................................................


WIND (MPH)
  HIGHEST WIND SPEED     9   HIGHEST WIND DIRECTION     N (340)
  HIGHEST GUST SPEED    15   HIGHEST GUST DIRECTION     N (350)
  AVERAGE WIND SPEED     1.7


SKY COVER
  AVERAGE SKY COVER 0.0


WEATHER CONDITIONS
THE FOLLOWING WEATHER WAS RECORDED YESTERDAY.
  FOG
  HAZE


RELATIVE HUMIDITY (PERCENT)
 HIGHEST    88
 LOWEST     31
 AVERAGE    60

..........................................................


THE EVANSVILLE IN CLIMATE NORMALS FOR TODAY
                         NORMAL    RECORD    YEAR
 MAXIMUM TEMPERATURE (F)   50        73      1927
 MINIMUM TEMPERATURE (F)   32         6      1929


SUNRISE AND SUNSET
NOVEMBER 29 2020......SUNRISE   646 AM CST   SUNSET   431 PM CST
NOVEMBER 30 2020......SUNRISE   647 AM CST   SUNSET   431 PM CST


-  INDICATES NEGATIVE NUMBERS.
R  INDICATES RECORD WAS SET OR TIED.
MM INDICATES DATA IS MISSING.
T  INDICATES TRACE AMOUNT.




$$
