000
CDUS45 KSLC 041434
CLIEVW

CLIMATE REPORT
NATIONAL WEATHER SERVICE SALT LAKE CITY UT
734 AM MST FRI DEC 04 2020

...................................

...THE EVANSTON WY CLIMATE SUMMARY FOR DECEMBER 3 2020...

CLIMATE NORMAL PERIOD 1981 TO 2010
CLIMATE RECORD PERIOD 9999 TO 9999


WEATHER ITEM   OBSERVED TIME   RECORD YEAR NORMAL DEPARTURE LAST
                VALUE   (LST)  VALUE       VALUE  FROM      YEAR
                                                  NORMAL
...................................................................
TEMPERATURE (F)
 YESTERDAY
  MAXIMUM         39    249 PM  MM      MM  30      9       38
  MINIMUM          6    747 AM  MM      MM  15     -9       24
  AVERAGE         23                        22      1       31

PRECIPITATION (IN)
  YESTERDAY        0.00         MM      MM   0.02  -0.02     0.00
  MONTH TO DATE    T                         0.07  -0.07     0.00
  SINCE OCT 1      0.47                      2.28  -1.81     0.74
  SINCE JAN 1      3.89                     11.62  -7.73     6.01

DEGREE DAYS
 HEATING
  YESTERDAY       42                        43     -1       34
  MONTH TO DATE  131                       127      4      122
  SINCE DEC 1    131                       127      4      122
  SINCE JUL 1   1906                      2236   -330     2308

 COOLING
  YESTERDAY        0                         0      0        0
  MONTH TO DATE    0                         0      0        0
  SINCE DEC 1      0                         0      0        0
  SINCE JAN 1    337                       162    175      227
...................................................................


WIND (MPH)
  RESULTANT WIND SPEED   3   RESULTANT WIND DIRECTION  SW (220)
  HIGHEST WIND SPEED    12   HIGHEST WIND DIRECTION    SW (220)
  HIGHEST GUST SPEED    14   HIGHEST GUST DIRECTION    SW (210)
  AVERAGE WIND SPEED     4.7


SKY COVER
  POSSIBLE SUNSHINE  MM
  AVERAGE SKY COVER 0.0


WEATHER CONDITIONS
THE FOLLOWING WEATHER WAS RECORDED YESTERDAY.
  NO SIGNIFICANT WEATHER WAS OBSERVED.


RELATIVE HUMIDITY (PERCENT)
 HIGHEST    66           500 AM
 LOWEST     21           400 PM
 AVERAGE    44

..........................................................


THE EVANSTON WY CLIMATE NORMALS FOR TODAY
                         NORMAL    RECORD    YEAR
 MAXIMUM TEMPERATURE (F)   30        MM        MM
 MINIMUM TEMPERATURE (F)   14        MM        MM


SUNRISE AND SUNSET
DECEMBER  4 2020......SUNRISE   734 AM MST   SUNSET   455 PM MST
DECEMBER  5 2020......SUNRISE   735 AM MST   SUNSET   455 PM MST


-  INDICATES NEGATIVE NUMBERS.
R  INDICATES RECORD WAS SET OR TIED.
MM INDICATES DATA IS MISSING.
T  INDICATES TRACE AMOUNT.




$$
