000
CDUS42 KMHX 130527
CLIEWN

CLIMATE REPORT
NATIONAL WEATHER SERVICE NEWPORT/MOREHEAD CITY
127 AM EDT SUN JUN 13 2021

...................................

...THE NEW BERN NC CLIMATE SUMMARY FOR JUNE 12 2021...

CLIMATE NORMAL PERIOD 1991 TO 2020
CLIMATE RECORD PERIOD 1948 TO 2021


WEATHER ITEM   OBSERVED TIME   RECORD YEAR NORMAL DEPARTURE LAST
                VALUE   (LST)  VALUE       VALUE  FROM      YEAR
                                                  NORMAL
...................................................................
TEMPERATURE (F)
 YESTERDAY
  MAXIMUM         82    150 PM  95    1954  86     -4       76
                                      1986
                                      2016
  MINIMUM         69   1159 PM  50    1972  67      2       66
  AVERAGE         76                        76      0       71

PRECIPITATION (IN)
  YESTERDAY        T             2.33 2020   0.15  -0.15     2.33
  MONTH TO DATE    7.16                      1.84   5.32     2.44
  SINCE JUN 1      7.16                      1.84   5.32     2.44
  SINCE JAN 1     24.08                     20.33   3.75    25.22

SNOWFALL (IN)
  YESTERDAY        0.0
  MONTH TO DATE    0.0
  SINCE JUN 1      0.0
  SINCE JUL 1      T
  SNOW DEPTH       0

DEGREE DAYS
 HEATING
  YESTERDAY        0                         0      0        0
  MONTH TO DATE    0                         0      0        0
  SINCE JUN 1      0                         0      0        0
  SINCE JUL 1   2495                      2698   -203     2256

 COOLING
  YESTERDAY       11                        11      0        6
  MONTH TO DATE  146                       120     26      124
  SINCE JUN 1    146                       120     26      124
  SINCE JAN 1    407                       369     38      364
...................................................................


WIND (MPH)
  HIGHEST WIND SPEED    18   HIGHEST WIND DIRECTION     N (10)
  HIGHEST GUST SPEED    23   HIGHEST GUST DIRECTION     N (360)
  AVERAGE WIND SPEED     9.3


SKY COVER
  POSSIBLE SUNSHINE  MM
  AVERAGE SKY COVER 0.7


WEATHER CONDITIONS
THE FOLLOWING WEATHER WAS RECORDED YESTERDAY.
  LIGHT RAIN


RELATIVE HUMIDITY (PERCENT)
 HIGHEST    94           100 AM
 LOWEST     74           100 PM
 AVERAGE    84

..........................................................


THE NEW BERN NC CLIMATE NORMALS FOR TODAY
                         NORMAL    RECORD    YEAR
 MAXIMUM TEMPERATURE (F)   86        98      2002
                                             2013
 MINIMUM TEMPERATURE (F)   67        54      1950


SUNRISE AND SUNSET
JUNE 13 2021..........SUNRISE   553 AM EDT   SUNSET   823 PM EDT
JUNE 14 2021..........SUNRISE   554 AM EDT   SUNSET   824 PM EDT


-  INDICATES NEGATIVE NUMBERS.
R  INDICATES RECORD WAS SET OR TIED.
MM INDICATES DATA IS MISSING.
T  INDICATES TRACE AMOUNT.




$$
