000
CDUS42 KMHX 280526
CLIEWN


CLIMATE REPORT
NATIONAL WEATHER SERVICE NEWPORT/MOREHEAD CITY NC
1226 AM EST SAT NOV 28 2020


...................................

...THE NEW BERN NC CLIMATE SUMMARY FOR NOVEMBER 27 2020...

CLIMATE NORMAL PERIOD 1981 TO 2010
CLIMATE RECORD PERIOD 1948 TO 2020


WEATHER ITEM   OBSERVED TIME   RECORD YEAR NORMAL DEPARTURE LAST
                VALUE   (LST)  VALUE       VALUE  FROM      YEAR
                                                  NORMAL
..................................................................
TEMPERATURE (F)
 YESTERDAY
  MAXIMUM         73    205 PM  84    1973  63     10       69
  MINIMUM         52   1159 PM  24    1939  41     11       47
  AVERAGE         63                        52     11       58

PRECIPITATION (IN)
  YESTERDAY        0.02          1.83 1992   0.12  -0.10      T
  MONTH TO DATE    5.41                      3.04   2.37     4.57
  SINCE SEP 1     15.73                     12.19   3.54    13.89
  SINCE JAN 1     60.41                     48.99  11.42    43.80

SNOWFALL (IN)
  YESTERDAY        0.0
  MONTH TO DATE    0.0
  SINCE NOV 1      0.0
  SINCE JUL 1      0.0
  SNOW DEPTH       0

DEGREE DAYS
 HEATING
  YESTERDAY        2                        13    -11        7
  MONTH TO DATE  191                       268    -77      356
  SINCE SEP 1    232                       385   -153      401
  SINCE JUL 1    232                       385   -153      401

 COOLING
  YESTERDAY        0                         0      0        0
  MONTH TO DATE   28                        14     14        2
  SINCE SEP 1    419                       370     49      507
  SINCE JAN 1   1991                      1899     92     2292
..................................................................


WIND (MPH)
  HIGHEST WIND SPEED    12   HIGHEST WIND DIRECTION    NW (310)
  HIGHEST GUST SPEED    15   HIGHEST GUST DIRECTION    NW (330)
  AVERAGE WIND SPEED     3.3


SKY COVER
  POSSIBLE SUNSHINE  MM
  AVERAGE SKY COVER 0.7


WEATHER CONDITIONS
 THE FOLLOWING WEATHER WAS RECORDED YESTERDAY.
  LIGHT RAIN
  FOG
  FOG W/VISIBILITY <= 1/4 MILE


RELATIVE HUMIDITY (PERCENT)
 HIGHEST   100           400 AM
 LOWEST     73           200 PM
 AVERAGE    87

..........................................................


THE NEW BERN NC CLIMATE NORMALS FOR TODAY
                         NORMAL    RECORD    YEAR
 MAXIMUM TEMPERATURE (F)   63        81      2001
 MINIMUM TEMPERATURE (F)   40        21      1938


SUNRISE AND SUNSET
NOVEMBER 28 2020......SUNRISE   656 AM EST   SUNSET   457 PM EST
NOVEMBER 29 2020......SUNRISE   657 AM EST   SUNSET   457 PM EST


-  INDICATES NEGATIVE NUMBERS.
R  INDICATES RECORD WAS SET OR TIED.
MM INDICATES DATA IS MISSING.
T  INDICATES TRACE AMOUNT.




$$
