000
CDUS41 KOKX 290617
CLIEWR


CLIMATE REPORT
NATIONAL WEATHER SERVICE NEW YORK NY
117 AM EST SUN NOV 29 2020


...................................

...THE NEWARK NJ CLIMATE SUMMARY FOR NOVEMBER 28 2020...

CLIMATE NORMAL PERIOD 1981 TO 2010
CLIMATE RECORD PERIOD 1893 TO 2020


WEATHER ITEM   OBSERVED TIME   RECORD YEAR NORMAL DEPARTURE LAST
                VALUE   (LST)  VALUE       VALUE  FROM      YEAR
                                                  NORMAL
..................................................................
TEMPERATURE (F)
 YESTERDAY
  MAXIMUM         58    304 PM  72    2011  50      8       53
                                      1973
  MINIMUM         41   1159 PM  16    1932  35      6       37
  AVERAGE         50                        42      8       45

PRECIPITATION (IN)
  YESTERDAY        T             1.84 1937   0.13  -0.13      T
  MONTH TO DATE    2.46                      3.38  -0.92     1.49
  SINCE SEP 1     11.08                     10.80   0.28    10.35
  SINCE JAN 1     41.87                     42.17  -0.30    52.07

SNOWFALL (IN)
  YESTERDAY       MM             T    1995   0.0   MM        0.0
  MONTH TO DATE    0.0                       0.3   -0.3       T
  SINCE OCT 1      T                         0.3   -0.3       T
  SINCE JUL 1      T                         0.3   -0.3       T
  SNOW DEPTH       0

DEGREE DAYS
 HEATING
  YESTERDAY       15                        23     -8       20
  MONTH TO DATE  368                       501   -133      603
  SINCE SEP 1    621                       821   -200      778
  SINCE JUL 1    621                       822   -201      778

 COOLING
  YESTERDAY        0                         0      0        0
  MONTH TO DATE    2                         0      2        0
  SINCE SEP 1    179                       157     22      225
  SINCE JAN 1   1420                      1191    229     1400
..................................................................


WIND (MPH)
  HIGHEST WIND SPEED    21   HIGHEST WIND DIRECTION     W (270)
  HIGHEST GUST SPEED    28   HIGHEST GUST DIRECTION     W (270)
  AVERAGE WIND SPEED     7.6


SKY COVER
  AVERAGE SKY COVER 0.4


WEATHER CONDITIONS
 THE FOLLOWING WEATHER WAS RECORDED YESTERDAY.
  LIGHT RAIN


RELATIVE HUMIDITY (PERCENT)
 HIGHEST    76           300 AM
 LOWEST     39           300 PM
 AVERAGE    58

..........................................................


THE NEWARK NJ CLIMATE NORMALS FOR TODAY
                         NORMAL    RECORD    YEAR
 MAXIMUM TEMPERATURE (F)   49        70      1990
 MINIMUM TEMPERATURE (F)   35        15      1955


SUNRISE AND SUNSET
NOVEMBER 29 2020......SUNRISE   700 AM EST   SUNSET   430 PM EST
NOVEMBER 30 2020......SUNRISE   701 AM EST   SUNSET   430 PM EST


-  INDICATES NEGATIVE NUMBERS.
R  INDICATES RECORD WAS SET OR TIED.
MM INDICATES DATA IS MISSING.
T  INDICATES TRACE AMOUNT.




$$
