310
CDUS43 KIND 130537
CLIEYE

CLIMATE REPORT
NATIONAL WEATHER SERVICE INDIANAPOLIS IN
137 AM EDT SUN JUN 13 2021

...................................

...THE INDIANAPOLIS EAGLE CREEK IN CLIMATE SUMMARY FOR JUNE 12 2021...

CLIMATE NORMAL PERIOD 1991 TO 2020
CLIMATE RECORD PERIOD 9999 TO 9999


WEATHER ITEM   OBSERVED TIME   NORMAL DEPARTURE LAST
                VALUE   (LST)  VALUE  FROM      YEAR
                                      NORMAL
.......................................................
TEMPERATURE (F)
 YESTERDAY
  MAXIMUM         94    529 PM  82     12       85
  MINIMUM         69    456 AM  62      7       60
  AVERAGE         82            72     10       73

PRECIPITATION (IN)
  YESTERDAY        0.09          0.17  -0.08     0.00
  MONTH TO DATE    3.53          1.92   1.61     0.52
  SINCE JUN 1      3.53          1.92   1.61     0.52
  SINCE JAN 1     18.62         18.26   0.36    12.06

DEGREE DAYS
 HEATING
  YESTERDAY        0             0      0        0
  MONTH TO DATE    0             9     -9        4
  SINCE JUN 1      0             9     -9        4
  SINCE JUL 1   5057          5218   -161     5038

 COOLING
  YESTERDAY       17             7     10        8
  MONTH TO DATE  113            75     38      113
  SINCE JUN 1    113            75     38      113
  SINCE JAN 1    201           179     22      196
.......................................................


WIND (MPH)
  HIGHEST WIND SPEED    18   HIGHEST WIND DIRECTION    NW (330)
  HIGHEST GUST SPEED    29   HIGHEST GUST DIRECTION    NW (320)
  AVERAGE WIND SPEED     2.7


SKY COVER
  AVERAGE SKY COVER 0.1


WEATHER CONDITIONS
THE FOLLOWING WEATHER WAS RECORDED YESTERDAY.
  THUNDERSTORM
  RAIN
  LIGHT RAIN
  FOG


RELATIVE HUMIDITY (PERCENT)
 HIGHEST    93           600 AM
 LOWEST     40           400 PM
 AVERAGE    67

..........................................................


THE INDIANAPOLIS EAGLE CREEK IN CLIMATE NORMALS FOR TODAY
                         NORMAL    RECORD    YEAR
 MAXIMUM TEMPERATURE (F)   82        MM        MM
 MINIMUM TEMPERATURE (F)   63        MM        MM


SUNRISE AND SUNSET
JUNE 13 2021..........SUNRISE   616 AM EDT   SUNSET   915 PM EDT
JUNE 14 2021..........SUNRISE   616 AM EDT   SUNSET   915 PM EDT


-  INDICATES NEGATIVE NUMBERS.
R  INDICATES RECORD WAS SET OR TIED.
MM INDICATES DATA IS MISSING.
T  INDICATES TRACE AMOUNT.




$$
