000
CDUS43 KIND 280630
CLIEYE

CLIMATE REPORT
NATIONAL WEATHER SERVICE INDIANAPOLIS IN
130 AM EST SAT NOV 28 2020

...................................

...THE INDIANAPOLIS EAGLE CREEK IN CLIMATE SUMMARY FOR NOVEMBER 27 2020...

CLIMATE NORMAL PERIOD 1981 TO 2010
CLIMATE RECORD PERIOD 9999 TO 9999


WEATHER ITEM   OBSERVED TIME   NORMAL DEPARTURE LAST
                VALUE   (LST)  VALUE  FROM      YEAR
                                      NORMAL
.......................................................
TEMPERATURE (F)
 YESTERDAY
  MAXIMUM         51    157 PM  46      5       57
  MINIMUM         39   1159 PM  32      7       36
  AVERAGE         45            39      6       47

PRECIPITATION (IN)
  YESTERDAY        0.00          0.12  -0.12     0.41
  MONTH TO DATE    3.74          3.34   0.40     1.77
  SINCE SEP 1      9.95          8.70   1.25     6.98
  SINCE JAN 1     31.49         37.35  -5.86    38.33

DEGREE DAYS
 HEATING
  YESTERDAY       20            26     -6       18
  MONTH TO DATE  429           550   -121      735
  SINCE SEP 1    805           939   -134     1034
  SINCE JUL 1    805           942   -137     1034

 COOLING
  YESTERDAY        0             0      0        0
  MONTH TO DATE    2             0      2        0
  SINCE SEP 1    141           138      3      275
  SINCE JAN 1   1186          1058    128     1290
.......................................................


WIND (MPH)
  HIGHEST WIND SPEED    20   HIGHEST WIND DIRECTION    NW (310)
  HIGHEST GUST SPEED    27   HIGHEST GUST DIRECTION    NW (310)
  AVERAGE WIND SPEED     5.4


SKY COVER
  AVERAGE SKY COVER 1.0


WEATHER CONDITIONS
THE FOLLOWING WEATHER WAS RECORDED YESTERDAY.
  NO SIGNIFICANT WEATHER WAS OBSERVED.


RELATIVE HUMIDITY (PERCENT)
 HIGHEST    86          1100 PM
 LOWEST     61           200 PM
 AVERAGE    74

..........................................................


THE INDIANAPOLIS EAGLE CREEK IN CLIMATE NORMALS FOR TODAY
                         NORMAL    RECORD    YEAR
 MAXIMUM TEMPERATURE (F)   46        MM        MM
 MINIMUM TEMPERATURE (F)   31        MM        MM


SUNRISE AND SUNSET
NOVEMBER 28 2020......SUNRISE   745 AM EST   SUNSET   522 PM EST
NOVEMBER 29 2020......SUNRISE   746 AM EST   SUNSET   521 PM EST


-  INDICATES NEGATIVE NUMBERS.
R  INDICATES RECORD WAS SET OR TIED.
MM INDICATES DATA IS MISSING.
T  INDICATES TRACE AMOUNT.




$$
