000
CDUS42 KKEY 042118
CLIEYW


CLIMATE REPORT
NATIONAL WEATHER SERVICE KEY WEST, FL
418 PM EST FRI DEC 4 2020


...................................

...THE KEY WEST CLIMATE SUMMARY FOR DECEMBER 4 2020...
VALID TODAY AS OF 0400 PM LOCAL TIME.

CLIMATE NORMAL PERIOD 1981 TO 2010
CLIMATE RECORD PERIOD 1871 TO 2020


WEATHER ITEM   OBSERVED TIME   RECORD YEAR NORMAL DEPARTURE LAST
                VALUE   (LST)  VALUE       VALUE  FROM      YEAR
                                                  NORMAL
..................................................................
TEMPERATURE (F)
 TODAY
  MAXIMUM         78    210 PM  86    2018  78      0       79
                                      1880
  MINIMUM         68    312 AM  46    1876  69     -1       67
  AVERAGE         73                        73      0       73

PRECIPITATION (IN)
  TODAY            0.00          2.99 1997   0.09  -0.09     0.00
  MONTH TO DATE    T                         0.33  -0.33     0.00
  SINCE DEC 1      T                         0.33  -0.33     0.00
  SINCE JAN 1     50.85                     37.94  12.91    27.67

SNOWFALL (IN)
  TODAY            0.0
  MONTH TO DATE    0.0
  SINCE DEC 1      0.0
  SINCE JUL 1      0.0
  SNOW DEPTH       0

DEGREE DAYS
 HEATING
  TODAY            0                         0      0        0
  MONTH TO DATE    0                         0      0        0
  SINCE DEC 1      0                         0      0        0
  SINCE JUL 1      0                         1     -1        0

 COOLING
  TODAY            8                         8      0        8
  MONTH TO DATE   19                        34    -15       38
  SINCE DEC 1     19                        34    -15       38
  SINCE JAN 1   5471                      4567    904     5403
..................................................................


WIND (MPH)
  HIGHEST WIND SPEED    17   HIGHEST WIND DIRECTION     E (110)
  HIGHEST GUST SPEED    23   HIGHEST GUST DIRECTION     E (110)
  AVERAGE WIND SPEED     9.9


SKY COVER
  POSSIBLE SUNSHINE  MM
  AVERAGE SKY COVER 0.4


WEATHER CONDITIONS
 THE FOLLOWING WEATHER WAS RECORDED TODAY.
  NO SIGNIFICANT WEATHER WAS OBSERVED.


RELATIVE HUMIDITY (PERCENT)
 HIGHEST    87
 LOWEST     69
 AVERAGE    78

..........................................................


THE KEY WEST CLIMATE NORMALS FOR TOMORROW
                         NORMAL    RECORD    YEAR
 MAXIMUM TEMPERATURE (F)   77        86      1994
                                             1941
 MINIMUM TEMPERATURE (F)   69        45      1876


SUNRISE AND SUNSET
DECEMBER  4 2020......SUNRISE   657 AM EST   SUNSET   538 PM EST
DECEMBER  5 2020......SUNRISE   657 AM EST   SUNSET   538 PM EST


-  INDICATES NEGATIVE NUMBERS.
R  INDICATES RECORD WAS SET OR TIED.
MM INDICATES DATA IS MISSING.
T  INDICATES TRACE AMOUNT.




$$
