957
CDAK49 PAFG 260957
CLIFAI

CLIMATE REPORT
NATIONAL WEATHER SERVICE FAIRBANKS AK
1257 AM AKST THU NOV 26 2020

...THE FAIRBANKS AK CLIMATE SUMMARY FOR NOVEMBER 25 2020...

CLIMATE NORMAL PERIOD 1981 TO 2010
CLIMATE RECORD PERIOD 1904 TO 2020


WEATHER ITEM   OBSERVED TIME   RECORD YEAR NORMAL DEPARTURE LAST
                VALUE   (LST)  VALUE       VALUE  FROM      YEAR
                                                  NORMAL
...................................................................
TEMPERATURE (F)
 YESTERDAY
  MAXIMUM         28    950 PM  54    1936   7     21       18
  MINIMUM          0    207 AM -43    1994  -8      8        8
  AVERAGE         14                        -1     15       13

PRECIPITATION (IN)
  YESTERDAY        T             0.25 1970   0.02  -0.02     0.02
  MONTH TO DATE    1.35                      0.57   0.78     1.59
  SINCE SEP 1      3.28                      2.50   0.78     4.31
  SINCE JAN 1     15.07                     10.07   5.00    15.78

SNOWFALL (IN)
  YESTERDAY        T             3.6  1970   0.4   -0.4      0.7
  MONTH TO DATE   24.3                      11.1   13.2     20.5
  SINCE SEP 1     33.1                      23.7    9.4     23.8
  SINCE JUL 1     33.1                      23.7    9.4     23.8
  SNOW DEPTH      15

DEGREE DAYS
 HEATING
  YESTERDAY       51                        66    -15       52
  MONTH TO DATE 1598                      1538     60     1327
  SINCE SEP 1   3271                      3408   -137     2839
  SINCE JUL 1   3547                      3797   -250     3159

 COOLING
  YESTERDAY        0                         0      0        0
  MONTH TO DATE    0                         0      0        0
  SINCE SEP 1      0                         0      0        0
  SINCE JAN 1     13                        61    -48      123
...................................................................


WIND (MPH)
  HIGHEST GUST SPEED    16   HIGHEST GUST DIRECTION    NE (40)


SKY COVER
  AVERAGE SKY COVER 0.8


WEATHER CONDITIONS
THE FOLLOWING WEATHER WAS RECORDED YESTERDAY.
  LIGHT SNOW
  FOG


RELATIVE HUMIDITY (PERCENT)
 HIGHEST    85
 LOWEST     70
 AVERAGE    78

..........................................................


THE FAIRBANKS AK CLIMATE NORMALS FOR TODAY
                         NORMAL    RECORD    YEAR
 MAXIMUM TEMPERATURE (F)    7        44      1956
                                             2002
 MINIMUM TEMPERATURE (F)  -10       -48      1927


SUNRISE AND SUNSET
NOVEMBER 26 2020......SUNRISE  1006 AM AKST  SUNSET   312 PM AKST
NOVEMBER 27 2020......SUNRISE  1009 AM AKST  SUNSET   309 PM AKST


-  INDICATES NEGATIVE NUMBERS.
R  INDICATES RECORD WAS SET OR TIED.
MM INDICATES DATA IS MISSING.
T  INDICATES TRACE AMOUNT.

&&

SNOW DEPTH IS MEASURED AT 3AM AKST/4AM AKDT

----------------------------
AVAILABLE DAYLIGHT

AMOUNT OF DAYLIGHT TODAY  (HOUR:MIN)........05:06
LOSS SINCE YESTERDAY........................6 MINUTES
----------------------------

$$
NOV 20
