000
CDUS43 KFGF 260624
CLIFAR

CLIMATE REPORT
NATIONAL WEATHER SERVICE GRAND FORKS
1224 AM CST THU NOV 26 2020

...................................

...THE FARGO HECTOR INTL AP ND CLIMATE SUMMARY FOR NOVEMBER 25 2020...

CLIMATE NORMAL PERIOD 1981 TO 2010
CLIMATE RECORD PERIOD 1881 TO 2020


WEATHER ITEM   OBSERVED TIME   RECORD YEAR NORMAL DEPARTURE LAST
                VALUE   (LST)  VALUE       VALUE  FROM      YEAR
                                                  NORMAL
...................................................................
TEMPERATURE (F)
 YESTERDAY
  MAXIMUM         33    214 PM  57    1984  31      2       42
  MINIMUM         23    430 AM -22    1886  15      8       32
  AVERAGE         28                        23      5       37

PRECIPITATION (IN)
  YESTERDAY        0.00          0.51 1993   0.03  -0.03     0.06
  MONTH TO DATE    0.26                      0.86  -0.60     0.34
  SINCE SEP 1      2.46                      5.58  -3.12     8.59
  SINCE JAN 1     18.70                     21.61  -2.91    28.84

SNOWFALL (IN)
  YESTERDAY        0.0           7.8  1993   0.3   -0.3       T
  MONTH TO DATE    0.8                       6.1   -5.3      1.8
  SINCE SEP 1      8.7                       6.8    1.9      6.3
  SINCE JUL 1      8.7                       6.8    1.9      6.3
  SNOW DEPTH       0

DEGREE DAYS
 HEATING
  YESTERDAY       37                        42     -5       28
  MONTH TO DATE  770                       867    -97      932
  SINCE SEP 1   1779                      1693     86     1822
  SINCE JUL 1   1794                      1743     51     1867

 COOLING
  YESTERDAY        0                         0      0        0
  MONTH TO DATE    0                         0      0        0
  SINCE SEP 1     10                        46    -36       56
  SINCE JAN 1    654                       551    103      527
...................................................................


WIND (MPH)
  HIGHEST WIND SPEED    23   HIGHEST WIND DIRECTION     S (160)
  HIGHEST GUST SPEED    33   HIGHEST GUST DIRECTION     S (170)
  AVERAGE WIND SPEED    12.6


SKY COVER
  POSSIBLE SUNSHINE  MM
  AVERAGE SKY COVER 0.8


WEATHER CONDITIONS
THE FOLLOWING WEATHER WAS RECORDED YESTERDAY.
  FOG


RELATIVE HUMIDITY (PERCENT)
 HIGHEST    89           900 PM
 LOWEST     81           600 AM
 AVERAGE    85

..........................................................


THE FARGO HECTOR INTL AP ND CLIMATE NORMALS FOR TODAY
                         NORMAL    RECORD    YEAR
 MAXIMUM TEMPERATURE (F)   31        54      1962
 MINIMUM TEMPERATURE (F)   14       -18      1996


SUNRISE AND SUNSET
NOVEMBER 26 2020......SUNRISE   746 AM CST   SUNSET   443 PM CST
NOVEMBER 27 2020......SUNRISE   748 AM CST   SUNSET   442 PM CST


-  INDICATES NEGATIVE NUMBERS.
R  INDICATES RECORD WAS SET OR TIED.
MM INDICATES DATA IS MISSING.
T  INDICATES TRACE AMOUNT.




$$
