000
CDUS46 KHNX 170022
CLIFAT

CLIMATE REPORT
NATIONAL WEATHER SERVICE
522 PM PDT SUN MAY 16 2021

...................................

...THE FRESNO CA CLIMATE SUMMARY FOR MAY 16 2021...
VALID AS OF 0400 PM LOCAL TIME.

CLIMATE NORMAL PERIOD 1991 TO 2020
CLIMATE RECORD PERIOD 1887 TO 2021


WEATHER ITEM   OBSERVED TIME   RECORD YEAR NORMAL DEPARTURE LAST
                VALUE   (LST)  VALUE       VALUE  FROM      YEAR
                                                  NORMAL
...................................................................
TEMPERATURE (F)
 TODAY
  MAXIMUM         80    328 PM 103    1970  83     -3       MM
  MINIMUM         56    549 AM  40    1894  58     -2       MM
  AVERAGE         68                        70     -2       MM

PRECIPITATION (IN)
  TODAY            0.00          0.76 2019   0.01  -0.01    MM
  MONTH TO DATE    0.00                      0.24  -0.24    MM
  SINCE OCT 1      6.59                     10.49  -3.90    MM
  SINCE JAN 1      5.17                      7.27  -2.10    MM

SNOWFALL (IN)
  TODAY            0.0           0.0         0.0    0.0     MM
  MONTH TO DATE    0.0                       0.0    0.0     MM
  SINCE MAR 1      0.0                       0.0    0.0     MM
  SINCE JUL 1      0.0                       0.0    0.0     MM
  SNOW DEPTH       0

DEGREE DAYS
 HEATING
  TODAY            0                         1     -1       MM
  MONTH TO DATE    0                        23    -23       MM
  SINCE MAR 1    306                       394    -88       MM
  SINCE JUL 1   1844                      2175   -331       MM

 COOLING
  TODAY            3                         6     -3       MM
  MONTH TO DATE  151                        77     74       MM
  SINCE MAR 1    228                       131     97       MM
  SINCE JAN 1    228                       131     97       MM
...................................................................


WIND (MPH)
  RESULTANT WIND SPEED   1   RESULTANT WIND DIRECTION  NW (310)
  HIGHEST WIND SPEED    10   HIGHEST WIND DIRECTION    NW (300)
  HIGHEST GUST SPEED    14   HIGHEST GUST DIRECTION    SE (140)
  AVERAGE WIND SPEED     3.7


SKY COVER
  POSSIBLE SUNSHINE  MM
  AVERAGE SKY COVER 0.5


WEATHER CONDITIONS
THE FOLLOWING WEATHER WAS RECORDED TODAY.
  NO SIGNIFICANT WEATHER WAS OBSERVED.


RELATIVE HUMIDITY (PERCENT)
 HIGHEST    67           200 AM
 LOWEST     31           300 PM
 AVERAGE    49

..........................................................


THE FRESNO CA CLIMATE NORMALS FOR TOMORROW
                         NORMAL    RECORD    YEAR
 MAXIMUM TEMPERATURE (F)   83       106      2009
 MINIMUM TEMPERATURE (F)   58        44      1906
                                             1971
                                             1974


SUNRISE AND SUNSET
MAY 16 2021...........SUNRISE   550 AM PDT   SUNSET   801 PM PDT
MAY 17 2021...........SUNRISE   550 AM PDT   SUNSET   801 PM PDT


-  INDICATES NEGATIVE NUMBERS.
R  INDICATES RECORD WAS SET OR TIED.
MM INDICATES DATA IS MISSING.
T  INDICATES TRACE AMOUNT.




$$
