427
CDUS46 KHNX 260826
CLIFAT


CLIMATE REPORT
NATIONAL WEATHER SERVICE SAN JOAQUIN VALLEY, CA
1225 AM PST THU NOV 26 2020


...................................

...THE FRESNO CA CLIMATE SUMMARY FOR NOVEMBER 25 2020...

CLIMATE NORMAL PERIOD 1981 TO 2010
CLIMATE RECORD PERIOD 1887 TO 2020


WEATHER ITEM   OBSERVED TIME   RECORD YEAR NORMAL DEPARTURE LAST
                VALUE   (LST)  VALUE       VALUE  FROM      YEAR
                                                  NORMAL
..................................................................
TEMPERATURE (F)
 YESTERDAY
  MAXIMUM         64    255 PM  76    2017  61      3
                                      1933
  MINIMUM         40    707 AM  27    1898  41     -1
  AVERAGE         52                        51      1       53

PRECIPITATION (IN)
  YESTERDAY        0.00          1.20 1909   0.04  -0.04
  MONTH TO DATE    0.28                      0.88  -0.60
  SINCE OCT 1      0.28                      1.51  -1.23
  SINCE JAN 1      5.03                      9.54  -4.51

SNOWFALL (IN)
  YESTERDAY        0.0
  MONTH TO DATE    0.0
  SINCE SEP 1      0.0
  SINCE JUL 1      0.0
  SNOW DEPTH       0

DEGREE DAYS
 HEATING
  YESTERDAY       13                               -1
  MONTH TO DATE  226                              -23
  SINCE SEP 1    249                              -63
  SINCE JUL 1    249                              -63

 COOLING
  YESTERDAY        0                                0
  MONTH TO DATE    5                                5
  SINCE SEP 1    694                              256
  SINCE JAN 1   2783                              661
..................................................................


WIND (MPH)
  HIGHEST WIND SPEED    14   HIGHEST WIND DIRECTION    NW (320)
  HIGHEST GUST SPEED    19   HIGHEST GUST DIRECTION    NW (310)
  AVERAGE WIND SPEED     5.8




RELATIVE HUMIDITY (PERCENT)
 HIGHEST    79
 LOWEST     43
 AVERAGE    61

..........................................................


THE FRESNO CA CLIMATE NORMALS FOR TODAY
                         NORMAL    RECORD    YEAR
 MAXIMUM TEMPERATURE (F)   60        81      2017
 MINIMUM TEMPERATURE (F)   40        30      1987
                                             1952


SUNRISE AND SUNSET
NOVEMBER 26 2020......SUNRISE   649 AM PST   SUNSET   444 PM PST
NOVEMBER 27 2020......SUNRISE   650 AM PST   SUNSET   444 PM PST


-  INDICATES NEGATIVE NUMBERS.
R  INDICATES RECORD WAS SET OR TIED.
MM INDICATES DATA IS MISSING.
T  INDICATES TRACE AMOUNT.




$$
