000
CDUS42 KRAH 041607
CLIFAY

CLIMATE REPORT
NATIONAL WEATHER SERVICE RALEIGH NC
1107 AM EST FRI DEC 04 2020

...................................

...THE FAYETTEVILLE REGL AIRPORT NC CLIMATE SUMMARY FOR DECEMBER 4 2020...
VALID AS OF 1107 AM LOCAL TIME.

CLIMATE NORMAL PERIOD 1981 TO 2010
CLIMATE RECORD PERIOD 1910 TO 2020


WEATHER ITEM   OBSERVED TIME   RECORD YEAR NORMAL DEPARTURE LAST
                VALUE   (LST)  VALUE       VALUE  FROM      YEAR
                                                  NORMAL
...................................................................
TEMPERATURE (F)
 TODAY
  MAXIMUM                       81    1991  60              60
  MINIMUM         35   1229 AM  14    1945  38     -3       36
  AVERAGE                                   49              48

PRECIPITATION (IN)
  TODAY            0.00          3.45 1931   0.11  -0.11     0.00
  MONTH TO DATE    0.00                      0.46  -0.46     0.78
  SINCE DEC 1      T                         0.46  -0.46     0.78
  SINCE JAN 1     56.91                     42.27  14.64    38.02

DEGREE DAYS
 HEATING
  TODAY                                     17              17
  MONTH TO DATE                             64              62
  SINCE DEC 1                               64              62
  SINCE JUL 1                              512             543

 COOLING
  TODAY                                      0               0
  MONTH TO DATE                              0               0
  SINCE DEC 1                                0               0
  SINCE JAN 1                             1991            2530
...................................................................


WIND (MPH)
  HIGHEST WIND SPEED     5   HIGHEST WIND DIRECTION    SE (120)
  HIGHEST GUST SPEED     6   HIGHEST GUST DIRECTION    SE (130)
  AVERAGE WIND SPEED     0.7


SKY COVER
  POSSIBLE SUNSHINE  MM
  AVERAGE SKY COVER 0.2


WEATHER CONDITIONS
THE FOLLOWING WEATHER WAS RECORDED TODAY.
  NO SIGNIFICANT WEATHER WAS OBSERVED.


RELATIVE HUMIDITY (PERCENT)
 HIGHEST    86           400 AM
 LOWEST     56          1000 AM
 AVERAGE    71

..........................................................



SUNRISE AND SUNSET
DECEMBER  4 2020......SUNRISE   708 AM EST   SUNSET   504 PM EST
DECEMBER  5 2020......SUNRISE   709 AM EST   SUNSET   504 PM EST


-  INDICATES NEGATIVE NUMBERS.
R  INDICATES RECORD WAS SET OR TIED.
MM INDICATES DATA IS MISSING.
T  INDICATES TRACE AMOUNT.




$$
