000
CDUS42 KFFC 280921
CLIFFC

CLIMATE REPORT
NATIONAL WEATHER SERVICE PEACHTREE CITY GA
421 AM EST SAT NOV 28 2020

...................................

...THE PEACHTREE CITY CLIMATE SUMMARY FOR NOVEMBER 27 2020...

CLIMATE NORMAL PERIOD: 1981 TO 2010
CLIMATE RECORD PERIOD: 9999 TO 9999


WEATHER ITEM   OBSERVED TIME   RECORD YEAR NORMAL DEPARTURE LAST
                VALUE   (LST)  VALUE       VALUE  FROM      YEAR
                                                  NORMAL
...................................................................
TEMPERATURE (F)
 YESTERDAY
  MAXIMUM         73   2:56 PM  MM      MM  61     12       77
  MINIMUM         41   7:43 AM  MM      MM  37      4       51
  AVERAGE         57                        49      8       64

PRECIPITATION (IN)
  YESTERDAY        T            MM      MM   0.13  -0.13     0.48
  MONTH TO DATE    0.93                      3.44  -2.51     3.10
  SINCE SEP 1     12.06                     10.69   1.37     7.65
  SINCE JAN 1     59.26                     45.42  13.84    40.70

SNOWFALL (IN)
  YESTERDAY       MM            MM      MM  MM     MM       MM
  MONTH TO DATE    0.0                       0.0    0.0      0.0
  SINCE SEP 1      0.0                      MM     MM        0.0
  SINCE JUL 1      0.0                      MM     MM        0.0
  SNOW DEPTH      MM

DEGREE DAYS
 HEATING
  YESTERDAY        8                        16     -8        1
  MONTH TO DATE  223                       326   -103      368
  SINCE SEP 1    304                       492   -188      418
  SINCE JUL 1    304                       492   -188      418

 COOLING
  YESTERDAY        0                         0      0        0
  MONTH TO DATE   27                         2     25        0
  SINCE SEP 1    370                       270    100      650
  SINCE JAN 1   1953                      1650    303     2483
...................................................................


WIND (MPH)
  RESULTANT WIND SPEED   0   RESULTANT WIND DIRECTION  NW (300)
  HIGHEST WIND SPEED     7   HIGHEST WIND DIRECTION     N (350)
  HIGHEST GUST SPEED    11   HIGHEST GUST DIRECTION     N (10)
  AVERAGE WIND SPEED     0.6


SKY COVER
  POSSIBLE SUNSHINE  MM
  AVERAGE SKY COVER 0.4


WEATHER CONDITIONS
THE FOLLOWING WEATHER WAS RECORDED YESTERDAY.
  FOG
  FOG W/VISIBILITY <= 1/4 MILE


RELATIVE HUMIDITY (PERCENT)
 HIGHEST   100          12:00 AM
 LOWEST     25           3:00 PM
 AVERAGE    63

..........................................................


THE PEACHTREE CITY CLIMATE NORMALS FOR TODAY
                         NORMAL    RECORD    YEAR
 MAXIMUM TEMPERATURE (F)   61        MM        MM
 MINIMUM TEMPERATURE (F)   37        MM        MM


SUNRISE AND SUNSET
NOVEMBER 28 2020......SUNRISE   7:22 AM EST   SUNSET   5:31 PM EST
NOVEMBER 29 2020......SUNRISE   7:23 AM EST   SUNSET   5:31 PM EST


-  INDICATES NEGATIVE NUMBERS.
R  INDICATES RECORD WAS SET OR TIED.
MM INDICATES DATA IS MISSING.
T  INDICATES TRACE AMOUNT.




$$
