000
CDUS42 KFFC 130821
CLIFFC

CLIMATE REPORT
NATIONAL WEATHER SERVICE PEACHTREE CITY GA
421 AM EDT SUN JUN 13 2021

...................................

...THE PEACHTREE CITY CLIMATE SUMMARY FOR JUNE 12 2021...

CLIMATE NORMAL PERIOD: 1991 TO 2020
CLIMATE RECORD PERIOD: 9999 TO 9999


WEATHER ITEM   OBSERVED TIME   RECORD YEAR NORMAL DEPARTURE LAST
                VALUE   (LST)  VALUE       VALUE  FROM      YEAR
                                                  NORMAL
...................................................................
TEMPERATURE (F)
 YESTERDAY
  MAXIMUM         86  12:31 PM  MM      MM  88     -2       88
  MINIMUM         72  11:59 PM  MM      MM  66      6       61
  AVERAGE         79                        77      2       75

PRECIPITATION (IN)
  YESTERDAY        0.29         MM      MM   0.15   0.14     0.00
  MONTH TO DATE    2.84                      1.77   1.07     1.26
  SINCE JUN 1      2.84                      1.77   1.07     1.26
  SINCE JAN 1     18.51                     22.46  -3.95    33.76

SNOWFALL (IN)
  YESTERDAY       MM            MM      MM  MM     MM       MM
  MONTH TO DATE    0.0                       0.0    0.0      0.0
  SINCE JUN 1      0.0                       0.0    0.0      0.0
  SINCE JUL 1      T                        MM     MM        0.0
  SNOW DEPTH      MM

DEGREE DAYS
 HEATING
  YESTERDAY        0                         0      0        0
  MONTH TO DATE    0                         0      0        0
  SINCE JUN 1      0                         0      0        0
  SINCE JUL 1   2489                      2586    -97     2068

 COOLING
  YESTERDAY       14                        12      2       10
  MONTH TO DATE  135                       132      3      155
  SINCE JUN 1    135                       132      3      155
  SINCE JAN 1    309                       392    -83      447
...................................................................


WIND (MPH)
  RESULTANT WIND SPEED   3   RESULTANT WIND DIRECTION   W (290)
  HIGHEST WIND SPEED    24   HIGHEST WIND DIRECTION     N (340)
  HIGHEST GUST SPEED    32   HIGHEST GUST DIRECTION    NW (330)
  AVERAGE WIND SPEED     4.2


SKY COVER
  POSSIBLE SUNSHINE  MM
  AVERAGE SKY COVER 0.5


WEATHER CONDITIONS
THE FOLLOWING WEATHER WAS RECORDED YESTERDAY.
  THUNDERSTORM
  HEAVY RAIN
  LIGHT RAIN
  FOG


RELATIVE HUMIDITY (PERCENT)
 HIGHEST    96          12:00 AM
 LOWEST     65          11:00 AM
 AVERAGE    81

..........................................................


THE PEACHTREE CITY CLIMATE NORMALS FOR TODAY
                         NORMAL    RECORD    YEAR
 MAXIMUM TEMPERATURE (F)   88        MM        MM
 MINIMUM TEMPERATURE (F)   67        MM        MM


SUNRISE AND SUNSET
JUNE 13 2021..........SUNRISE   6:28 AM EDT   SUNSET   8:49 PM EDT
JUNE 14 2021..........SUNRISE   6:28 AM EDT   SUNSET   8:49 PM EDT


-  INDICATES NEGATIVE NUMBERS.
R  INDICATES RECORD WAS SET OR TIED.
MM INDICATES DATA IS MISSING.
T  INDICATES TRACE AMOUNT.




$$
