000
CDUS43 KLMK 040638
CLIFFT

CLIMATE REPORT
NATIONAL WEATHER SERVICE NATIONAL WEATHER SERVICE LOUISVILLE KY
138 AM EST FRI DEC 04 2020

...................................

...THE FRANKFORT KY CLIMATE SUMMARY FOR DECEMBER 3 2020...

CLIMATE NORMAL PERIOD 1981 TO 2010
CLIMATE RECORD PERIOD 1895 TO 2020


WEATHER ITEM   OBSERVED TIME   RECORD YEAR NORMAL DEPARTURE LAST
                VALUE   (LST)  VALUE       VALUE  FROM      YEAR
                                                  NORMAL
...................................................................
TEMPERATURE (F)
 YESTERDAY
  MAXIMUM         45    217 PM  77    1982  48     -3       40
  MINIMUM         22    524 AM   0    1929  30     -8       33
  AVERAGE         34                        39     -5       37

PRECIPITATION (IN)
  YESTERDAY        0.01          3.07 1991   0.15  -0.14     0.00
  MONTH TO DATE    0.01                      0.43  -0.42     0.04
  SINCE DEC 1      0.01                      0.43  -0.42     0.04
  SINCE JAN 1     48.15                     42.04   6.11    53.75

SNOWFALL (IN)
  YESTERDAY       MM            MM      MM  MM     MM       MM
  MONTH TO DATE   MM                        MM     MM       MM
  SINCE DEC 1     MM                        MM     MM       MM
  SINCE JUL 1     MM                        MM     MM       MM
  SNOW DEPTH      MM

DEGREE DAYS
 HEATING
  YESTERDAY       31                        26      5       28
  MONTH TO DATE  100                        77     23       73
  SINCE DEC 1    100                        77     23       73
  SINCE JUL 1    841                       988   -147     1018

 COOLING
  YESTERDAY        0                         0      0        0
  MONTH TO DATE    0                         0      0        0
  SINCE DEC 1      0                         0      0        0
  SINCE JAN 1   1389                      1155    234     1645
...................................................................


WIND (MPH)
  HIGHEST WIND SPEED     9   HIGHEST WIND DIRECTION     S (170)
  HIGHEST GUST SPEED    12   HIGHEST GUST DIRECTION    SW (220)
  AVERAGE WIND SPEED     1.2


SKY COVER
  POSSIBLE SUNSHINE  MM
  AVERAGE SKY COVER 0.5


WEATHER CONDITIONS
THE FOLLOWING WEATHER WAS RECORDED YESTERDAY.
  NO SIGNIFICANT WEATHER WAS OBSERVED.


RELATIVE HUMIDITY (PERCENT)
 HIGHEST    86          1100 PM
 LOWEST     57           300 PM
 AVERAGE    72

..........................................................


THE FRANKFORT KY CLIMATE NORMALS FOR TODAY
                         NORMAL    RECORD    YEAR
 MAXIMUM TEMPERATURE (F)   48        78      1982
 MINIMUM TEMPERATURE (F)   29         9      1942


SUNRISE AND SUNSET
DECEMBER  4 2020......SUNRISE   741 AM EST   SUNSET   519 PM EST
DECEMBER  5 2020......SUNRISE   741 AM EST   SUNSET   519 PM EST


-  INDICATES NEGATIVE NUMBERS.
R  INDICATES RECORD WAS SET OR TIED.
MM INDICATES DATA IS MISSING.
T  INDICATES TRACE AMOUNT.




$$
