000
CDUS43 KFGF 280633
CLIFGF

CLIMATE REPORT
NATIONAL WEATHER SERVICE GRAND FORKS
1233 AM CST SAT NOV 28 2020

...................................

...THE GRAND FORKS UNIV. (NWS) ND CLIMATE SUMMARY FOR NOVEMBER 27 2020...

CLIMATE NORMAL PERIOD 1981 TO 2010
CLIMATE RECORD PERIOD 1893 TO 2020


WEATHER ITEM   OBSERVED TIME   RECORD YEAR NORMAL DEPARTURE LAST
                VALUE   (LST)  VALUE       VALUE  FROM      YEAR
                                                  NORMAL
...................................................................
TEMPERATURE (F)
 YESTERDAY
  MAXIMUM         38        MM  53    1898  28     10       27
  MINIMUM         16        MM -17    1985  13      3       23
  AVERAGE         27                        20      7       25

PRECIPITATION (IN)
  YESTERDAY        0.00          0.50 1896   0.02  -0.02      T
  MONTH TO DATE    0.10                      0.83  -0.73     0.75
  SINCE SEP 1      0.61                      4.80  -4.19    14.19
  SINCE JAN 1     17.92                     20.90  -2.98    31.64

SNOWFALL (IN)
  YESTERDAY        0.0           7.0  1964   0.3   -0.3       T
  MONTH TO DATE    1.4                       5.3   -3.9      2.2
  SINCE SEP 1      3.3                       6.3   -3.0      9.7
  SINCE JUL 1      3.3                       6.3   -3.0      9.7
  SNOW DEPTH       0

DEGREE DAYS
 HEATING
  YESTERDAY       38                        45     -7       40
  MONTH TO DATE  900                      1003   -103     1053
  SINCE SEP 1   1911                      1893     18     2028
  SINCE JUL 1   1923                      1957    -34     2068

 COOLING
  YESTERDAY        0                         0      0        0
  MONTH TO DATE    0                         0      0        0
  SINCE SEP 1     12                        31    -19       46
  SINCE JAN 1    619                       463    156      486
...................................................................


WIND (MPH)
  HIGHEST WIND SPEED    MM   HIGHEST WIND DIRECTION    MM
  HIGHEST GUST SPEED    MM   HIGHEST GUST DIRECTION    MM
  AVERAGE WIND SPEED    MM


SKY COVER
  POSSIBLE SUNSHINE  MM
  AVERAGE SKY COVER  MM


WEATHER CONDITIONS
THE FOLLOWING WEATHER WAS RECORDED YESTERDAY.
  NO SIGNIFICANT WEATHER WAS OBSERVED.


RELATIVE HUMIDITY (PERCENT)
 HIGHEST    MM
 LOWEST     MM
 AVERAGE    MM

..........................................................


THE GRAND FORKS UNIV. (NWS) ND CLIMATE NORMALS FOR TODAY
                         NORMAL    RECORD    YEAR
 MAXIMUM TEMPERATURE (F)   27        52      1901
                                             1914
 MINIMUM TEMPERATURE (F)   12       -24      1985


SUNRISE AND SUNSET
NOVEMBER 28 2020......SUNRISE   754 AM CST   SUNSET   439 PM CST
NOVEMBER 29 2020......SUNRISE   755 AM CST   SUNSET   439 PM CST


-  INDICATES NEGATIVE NUMBERS.
R  INDICATES RECORD WAS SET OR TIED.
MM INDICATES DATA IS MISSING.
T  INDICATES TRACE AMOUNT.




$$
