394
CDUS43 KFGF 130638
CLIFGF

CLIMATE REPORT
NATIONAL WEATHER SERVICE GRAND FORKS
138 AM CDT SUN JUN 13 2021

...................................

...THE GRAND FORKS UNIV. (NWS) ND CLIMATE SUMMARY FOR JUNE 12 2021...

CLIMATE NORMAL PERIOD 1981 TO 2010
CLIMATE RECORD PERIOD 1893 TO 2021


WEATHER ITEM   OBSERVED TIME   RECORD YEAR NORMAL DEPARTURE LAST
                VALUE   (LST)  VALUE       VALUE  FROM      YEAR
                                                  NORMAL
...................................................................
TEMPERATURE (F)
 YESTERDAY
  MAXIMUM         84        MM  99    1893  76      8       69
  MINIMUM         57        MM  37    1929  53      4       49
                                      1957
                                      1969
  AVERAGE         71                        64      7       59

PRECIPITATION (IN)
  YESTERDAY        0.00          0.55 2003   0.13  -0.13     0.00
  MONTH TO DATE    1.13                      1.46  -0.33     1.21
  SINCE JUN 1      1.13                      1.46  -0.33     1.21
  SINCE JAN 1      5.43                      7.51  -2.08     5.48

SNOWFALL (IN)
  YESTERDAY        0.0           0.0    MM   0.0    0.0      0.0
  MONTH TO DATE    0.0                       0.0    0.0      0.0
  SINCE JUN 1      0.0                       0.0    0.0      0.0
  SINCE JUL 1     17.1                      43.4  -26.3     71.9
  SNOW DEPTH       0

DEGREE DAYS
 HEATING
  YESTERDAY        0                         3     -3        6
  MONTH TO DATE    2                        48    -46       15
  SINCE JUN 1      2                        48    -46       15
  SINCE JUL 1   8464                      9173   -709     9445

 COOLING
  YESTERDAY        6                         3      3        0
  MONTH TO DATE  111                        23     88       53
  SINCE JUN 1    111                        23     88       53
  SINCE JAN 1    134                        49     85       63
...................................................................


WIND (MPH)
  HIGHEST WIND SPEED    MM   HIGHEST WIND DIRECTION    MM
  HIGHEST GUST SPEED    MM   HIGHEST GUST DIRECTION    MM
  AVERAGE WIND SPEED    MM


SKY COVER
  POSSIBLE SUNSHINE  MM
  AVERAGE SKY COVER  MM


WEATHER CONDITIONS
THE FOLLOWING WEATHER WAS RECORDED YESTERDAY.
  NO SIGNIFICANT WEATHER WAS OBSERVED.


RELATIVE HUMIDITY (PERCENT)
 HIGHEST    MM
 LOWEST     MM
 AVERAGE    MM

..........................................................


THE GRAND FORKS UNIV. (NWS) ND CLIMATE NORMALS FOR TODAY
                         NORMAL    RECORD    YEAR
 MAXIMUM TEMPERATURE (F)   76        97      1893
 MINIMUM TEMPERATURE (F)   54        38      1927
                                             1958


SUNRISE AND SUNSET
JUNE 13 2021..........SUNRISE   529 AM CDT   SUNSET   929 PM CDT
JUNE 14 2021..........SUNRISE   529 AM CDT   SUNSET   929 PM CDT


-  INDICATES NEGATIVE NUMBERS.
R  INDICATES RECORD WAS SET OR TIED.
MM INDICATES DATA IS MISSING.
T  INDICATES TRACE AMOUNT.




$$
