000
CDUS45 KFGZ 040745
CLIFLG

CLIMATE REPORT
NATIONAL WEATHER SERVICE FLAGSTAFF AZ
1245 AM MST FRI DEC 04 2020

...................................

...THE FLAGSTAFF AZ AIRPORT CLIMATE SUMMARY FOR DECEMBER 3 2020...

CLIMATE NORMAL PERIOD 1981 TO 2010
CLIMATE RECORD PERIOD 1898 TO 2020


WEATHER ITEM   OBSERVED TIME   RECORD YEAR NORMAL DEPARTURE LAST
                VALUE   (LST)  VALUE       VALUE  FROM      YEAR
                                                  NORMAL
...................................................................
TEMPERATURE (F)
 YESTERDAY
  MAXIMUM         38    310 PM  67    1977  44     -6       48
  MINIMUM         21    523 AM  -2    1931  18      3       20
                                      1968
  AVERAGE         30                        31     -1

PRECIPITATION (IN)
  YESTERDAY        0.00          1.33 1908   0.05  -0.05     0.00
  MONTH TO DATE    T                         0.16  -0.16     0.00
  SINCE OCT 1      0.77                      3.58  -2.81     5.71
  SINCE JAN 1      9.23                     20.15 -10.92    22.96

SNOWFALL (IN)
  YESTERDAY        0.0           6.1  1961   0.5   -0.5      0.0
  MONTH TO DATE    T                         1.4   -1.4      0.0
  SINCE JUL 1      4.1                      13.6   -9.5     24.2
  SNOW DEPTH       0

DEGREE DAYS
 HEATING
  YESTERDAY       35                        34      1       31
  MONTH TO DATE  101                       101      0      104
  SINCE JUL 1   1458                      1833   -375     1731

 COOLING
  YESTERDAY        0                         0      0        0
  MONTH TO DATE    0                         0      0        0
  SINCE JAN 1    275                       117    158      207
...................................................................


WIND (MPH)
  HIGHEST WIND SPEED    25   HIGHEST WIND DIRECTION    NE (40)
  HIGHEST GUST SPEED    33   HIGHEST GUST DIRECTION     N (20)
  AVERAGE WIND SPEED    12.7


SKY COVER
  POSSIBLE SUNSHINE  MM
  AVERAGE SKY COVER 0.0


WEATHER CONDITIONS
THE FOLLOWING WEATHER WAS RECORDED YESTERDAY.
  NO SIGNIFICANT WEATHER WAS OBSERVED.


RELATIVE HUMIDITY (PERCENT)
 HIGHEST    47           200 AM
 LOWEST     16           300 PM
 AVERAGE    32

..........................................................


THE FLAGSTAFF AZ AIRPORT CLIMATE NORMALS FOR TODAY
                         NORMAL    RECORD    YEAR
 MAXIMUM TEMPERATURE (F)   44        67      1965
 MINIMUM TEMPERATURE (F)   18        -4      1952
                                             1955


SUNRISE AND SUNSET
DECEMBER  4 2020......SUNRISE   720 AM MST   SUNSET   514 PM MST
DECEMBER  5 2020......SUNRISE   721 AM MST   SUNSET   514 PM MST


-  INDICATES NEGATIVE NUMBERS.
R  INDICATES RECORD WAS SET OR TIED.
MM INDICATES DATA IS MISSING.
T  INDICATES TRACE AMOUNT.




$$
