000
CDUS42 KMFL 260921
CLIFLL


CLIMATE REPORT
NATIONAL WEATHER SERVICE MIAMI, FL
421 AM EST THU NOV 26 2020


...................................

...THE FORT LAUDERDALE CLIMATE SUMMARY FOR NOVEMBER 25 2020...

CLIMATE NORMAL PERIOD 1981 TO 2010
CLIMATE RECORD PERIOD 1912 TO 2020


WEATHER ITEM   OBSERVED TIME   RECORD YEAR NORMAL DEPARTURE LAST
                VALUE   (LST)  VALUE       VALUE  FROM      YEAR
                                                  NORMAL
..................................................................
TEMPERATURE (F)
 YESTERDAY
  MAXIMUM         81    200 PM  90    1947  81      0       75
  MINIMUM         76        MM  36    1970  68      8       56
  AVERAGE         79                        74      5       66

PRECIPITATION (IN)
  YESTERDAY        0.00          3.12 1922   0.09  -0.09     0.00
  MONTH TO DATE   11.11                      2.73   8.38     5.93
  SINCE NOV 1     11.11                      2.73   8.38     5.93
  SINCE JAN 1     88.90                     59.21  29.69    51.21

SNOWFALL (IN)
  YESTERDAY        0.0
  MONTH TO DATE    0.0
  SINCE SEP 1      0.0
  SINCE JUL 1      0.0
  SNOW DEPTH       0

DEGREE DAYS
 HEATING
  YESTERDAY        0                         0      0        0
  MONTH TO DATE    0                         0      0        6
  SINCE SEP 1      0                         0      0        6
  SINCE JUL 1      0                         0      0        6

 COOLING
  YESTERDAY       14                         9      5        1
  MONTH TO DATE  334                       274     60      257
  SINCE SEP 1   1453                      1302    151     1378
  SINCE JAN 1   4942                      4468    474     4765
..................................................................


WIND (MPH)
  HIGHEST WIND SPEED    21   HIGHEST WIND DIRECTION     E (110)
  HIGHEST GUST SPEED    27   HIGHEST GUST DIRECTION     E (90)
  AVERAGE WIND SPEED    16.3


SKY COVER
  AVERAGE SKY COVER 0.7


WEATHER CONDITIONS
 THE FOLLOWING WEATHER WAS RECORDED YESTERDAY.
  NO SIGNIFICANT WEATHER WAS OBSERVED.


RELATIVE HUMIDITY (PERCENT)
 HIGHEST    82
 LOWEST     58
 AVERAGE    70

..........................................................


THE FORT LAUDERDALE CLIMATE NORMALS FOR TODAY
                         NORMAL    RECORD    YEAR
 MAXIMUM TEMPERATURE (F)   80        87      1979
 MINIMUM TEMPERATURE (F)   68        35      1950


SUNRISE AND SUNSET
NOVEMBER 26 2020......SUNRISE   647 AM EST   SUNSET   529 PM EST
NOVEMBER 27 2020......SUNRISE   648 AM EST   SUNSET   529 PM EST


-  INDICATES NEGATIVE NUMBERS.
R  INDICATES RECORD WAS SET OR TIED.
MM INDICATES DATA IS MISSING.
T  INDICATES TRACE AMOUNT.




$$
