000
CDUS42 KILM 282144
CLIFLO

CLIMATE REPORT
NATIONAL WEATHER SERVICE WILMINGTON NC
444 PM EST SAT NOV 28 2020

...................................

...THE FLORENCE SOUTH  CAROLINA CLIMATE SUMMARY FOR NOVEMBER 28 2020...
VALID TODAY AS OF 0400 PM LOCAL TIME.

CLIMATE NORMAL PERIOD 1981 TO 2010
CLIMATE RECORD PERIOD 1948 TO 2020


WEATHER ITEM   OBSERVED TIME   RECORD YEAR NORMAL DEPARTURE LAST
                VALUE   (LST)  VALUE       VALUE  FROM      YEAR
                                                  NORMAL
...................................................................
TEMPERATURE (F)
 TODAY
  MAXIMUM         65    207 PM  84    1990  63      2       69
  MINIMUM         51    243 AM  23    1956  40     11       48
  AVERAGE         58                        52      6       59

PRECIPITATION (IN)
  TODAY            0.05          1.53 1948   0.10  -0.05     0.00
  MONTH TO DATE    3.89                      2.49   1.40     3.07
  SINCE SEP 1     12.32                      9.24   3.08     9.48
  SINCE JAN 1     58.87                     39.72  19.15    38.70

SNOWFALL (IN)
  TODAY           MM             0.0  2001   0.0
  MONTH TO DATE   MM                         0.0
  SINCE SEP 1     MM                         0.0
  SINCE JUL 1     MM                         0.0

DEGREE DAYS
 HEATING
  TODAY            7                        14     -7        6
  MONTH TO DATE  188                       277    -89      372
  SINCE SEP 1    229                       394   -165      400
  SINCE JUL 1    229                       394   -165      400

 COOLING
  TODAY            0                         0      0        0
  MONTH TO DATE   49                        16     33        0
  SINCE SEP 1    475                       388     87      604
  SINCE JAN 1   2419                      2058    361     2660
...................................................................


WIND (MPH)
  RESULTANT WIND SPEED   1   RESULTANT WIND DIRECTION   N (340)
  HIGHEST WIND SPEED     8   HIGHEST WIND DIRECTION    NE (60)
  HIGHEST GUST SPEED    12   HIGHEST GUST DIRECTION    NW (300)
  AVERAGE WIND SPEED     2.3


SKY COVER
  AVERAGE SKY COVER 0.7


WEATHER CONDITIONS
THE FOLLOWING WEATHER WAS RECORDED TODAY.
  LIGHT RAIN
  FOG


RELATIVE HUMIDITY (PERCENT)
 HIGHEST    97           100 AM
 LOWEST     58           200 PM
 AVERAGE    78

..........................................................


THE FLORENCE SOUTH  CAROLINA CLIMATE NORMALS FOR TOMORROW
                         NORMAL    RECORD    YEAR
 MAXIMUM TEMPERATURE (F)   63        80      2001
                                             2016
 MINIMUM TEMPERATURE (F)   40        23      1955
                                             2002


SUNRISE AND SUNSET
NOVEMBER 28 2020......SUNRISE   704 AM EST   SUNSET   510 PM EST
NOVEMBER 29 2020......SUNRISE   705 AM EST   SUNSET   509 PM EST


-  INDICATES NEGATIVE NUMBERS.
R  INDICATES RECORD WAS SET OR TIED.
MM INDICATES DATA IS MISSING.
T  INDICATES TRACE AMOUNT.




$$
