000
CDUS42 KTBW 280931
CLIFMY


CLIMATE REPORT
NATIONAL WEATHER SERVICE TAMPA BAY FL
428 AM EST SAT NOV 28 2020


...................................

...THE FORT MYERS CLIMATE SUMMARY FOR NOVEMBER 27 2020...

CLIMATE NORMAL PERIOD 1981 TO 2010
CLIMATE RECORD PERIOD 1902 TO 2020


WEATHER ITEM   OBSERVED TIME   RECORD YEAR NORMAL DEPARTURE LAST
                VALUE   (LST)  VALUE       VALUE  FROM      YEAR
                                                  NORMAL
..................................................................
TEMPERATURE (F)
 YESTERDAY
  MAXIMUM         86    225 PM  90    1948  80      6       83
  MINIMUM         65    727 AM  39    1903  60      5       57
  AVERAGE         76                        70      6       70

PRECIPITATION (IN)
  YESTERDAY        0.00          1.06 1921   0.04  -0.04     0.00
  MONTH TO DATE    3.97                      1.80   2.17     0.60
  SINCE SEP 1     22.12                     12.99   9.13     8.44
  SINCE JAN 1     54.95                     54.06   0.89    54.66

DEGREE DAYS
 HEATING
  YESTERDAY        0                         1     -1        0
  MONTH TO DATE    0                        12    -12        8
  SINCE SEP 1      0                        14    -14        8
  SINCE JUL 1      0                        14    -14        8

 COOLING
  YESTERDAY       11                         6      5        5
  MONTH TO DATE  277                       200     77      232
  SINCE SEP 1   1282                      1124    158     1356
  SINCE JAN 1   4563                      3848    715     4277
..................................................................


WIND (MPH)
  RESULTANT WIND SPEED   3   RESULTANT WIND DIRECTION   E (70)
  HIGHEST WIND SPEED     9   HIGHEST WIND DIRECTION    NE (50)
  HIGHEST GUST SPEED    15   HIGHEST GUST DIRECTION     E (100)
  AVERAGE WIND SPEED     3.4


SKY COVER
  POSSIBLE SUNSHINE  MM
  AVERAGE SKY COVER 0.1


WEATHER CONDITIONS
 THE FOLLOWING WEATHER WAS RECORDED YESTERDAY.
  NO SIGNIFICANT WEATHER WAS OBSERVED.


RELATIVE HUMIDITY (PERCENT)
 HIGHEST   100           700 AM
 LOWEST     48           400 PM

..........................................................


THE FORT MYERS CLIMATE NORMALS FOR TODAY
                         NORMAL    RECORD    YEAR
 MAXIMUM TEMPERATURE (F)   79        90      1990
 MINIMUM TEMPERATURE (F)   60        35      1903


SUNRISE AND SUNSET
NOVEMBER 28 2020......SUNRISE   657 AM EST   SUNSET   534 PM EST
NOVEMBER 29 2020......SUNRISE   657 AM EST   SUNSET   534 PM EST


-  INDICATES NEGATIVE NUMBERS.
R  INDICATES RECORD WAS SET OR TIED.
MM INDICATES DATA IS MISSING.
T  INDICATES TRACE AMOUNT.




$$


&&
------------------------------------------------------------------
******************** SUPPLEMENTAL DATA ***************************

...GULF WATER TEMPERATURE AT FORT MYERS BEACH 75 DEGREES
