764
CDUS42 KTBW 130835
CLIFMY

CLIMATE REPORT
NATIONAL WEATHER SERVICE TAMPA BAY FL
435 AM EDT SUN JUN 13 2021

...................................

...THE FORT MYERS CLIMATE SUMMARY FOR JUNE 12 2021...

CLIMATE NORMAL PERIOD: 1991 TO 2020
CLIMATE RECORD PERIOD: 1902 TO 2021


WEATHER ITEM   OBSERVED TIME   RECORD YEAR NORMAL DEPARTURE LAST
                VALUE   (LST)  VALUE       VALUE  FROM      YEAR
                                                  NORMAL
...................................................................
TEMPERATURE (F)
 YESTERDAY
  MAXIMUM         92  12:16 PM 100    1981  91      1       90
  MINIMUM         78   5:43 AM  61    1960  74      4       73
  AVERAGE         85                        82      3       82

PRECIPITATION (IN)
  YESTERDAY        T             2.14 2008   0.32  -0.32     0.00
  MONTH TO DATE    5.43                      3.27   2.16     5.92
  SINCE JUN 1      5.43                      3.27   2.16     5.92
  SINCE JAN 1     13.19                     15.45  -2.26    16.36

DEGREE DAYS
 HEATING
  YESTERDAY        0                         0      0        0
  MONTH TO DATE    0                         0      0        0
  SINCE JUN 1      0                         0      0        0
  SINCE JUL 1    193                       253    -60      107

 COOLING
  YESTERDAY       20                        17      3       17
  MONTH TO DATE  221                       201     20      204
  SINCE JUN 1    221                       201     20      204
  SINCE JAN 1   1524                      1330    194     1751
...................................................................


WIND (MPH)
  RESULTANT WIND SPEED   5   RESULTANT WIND DIRECTION   W (250)
  HIGHEST WIND SPEED    17   HIGHEST WIND DIRECTION     W (250)
  HIGHEST GUST SPEED    25   HIGHEST GUST DIRECTION    SW (240)
  AVERAGE WIND SPEED     7.3


SKY COVER
  POSSIBLE SUNSHINE  MM
  AVERAGE SKY COVER 0.2


WEATHER CONDITIONS
THE FOLLOWING WEATHER WAS RECORDED YESTERDAY.
  LIGHT RAIN


RELATIVE HUMIDITY (PERCENT)
 HIGHEST   100           3:00 AM
 LOWEST     57           1:00 PM

..........................................................


THE FORT MYERS CLIMATE NORMALS FOR TODAY
                         NORMAL    RECORD    YEAR
 MAXIMUM TEMPERATURE (F)   91       100      1981
 MINIMUM TEMPERATURE (F)   74        62      1920
                                             1960


SUNRISE AND SUNSET
JUNE 13 2021..........SUNRISE   6:34 AM EDT   SUNSET   8:22 PM EDT
JUNE 14 2021..........SUNRISE   6:34 AM EDT   SUNSET   8:22 PM EDT


-  INDICATES NEGATIVE NUMBERS.
R  INDICATES RECORD WAS SET OR TIED.
MM INDICATES DATA IS MISSING.
T  INDICATES TRACE AMOUNT.

&&
------------------------------------------------------------------
******************** SUPPLEMENTAL DATA ***************************

...GULF WATER TEMPERATURE AT FORT MYERS BEACH 87 DEGREES


$$
