625
CDUS43 KDTX 260538
CLIFNT

CLIMATE REPORT
NATIONAL WEATHER SERVICE DETROIT/PONTIAC MI
1238 AM EST THU NOV 26 2020

...................................

...THE FLINT MI CLIMATE SUMMARY FOR NOVEMBER 25 2020...

CLIMATE NORMAL PERIOD 1981 TO 2010
CLIMATE RECORD PERIOD 1921 TO 2020


WEATHER ITEM   OBSERVED TIME   RECORD YEAR NORMAL DEPARTURE LAST
                VALUE   (LST)  VALUE       VALUE  FROM      YEAR
                                                  NORMAL
...................................................................
TEMPERATURE (F)
 YESTERDAY
  MAXIMUM         50   1141 PM  63    2001  42      8       50
                                      2011
  MINIMUM         40    157 AM   9    1950  28     12       38
  AVERAGE         45                        35     10       44

PRECIPITATION (IN)
  YESTERDAY        0.31          1.71 1987   0.09   0.22     0.03
  MONTH TO DATE    1.75                      2.27  -0.52     0.92
  SINCE SEP 1      8.06                      8.49  -0.43    10.11
  SINCE JAN 1     32.06                     29.05   3.01    33.95

SNOWFALL (IN)
  YESTERDAY        0.0           6.5  1950   0.1   -0.1      0.0
  MONTH TO DATE    0.9                       1.6   -0.7      9.4
  SINCE SEP 1      0.9                       2.0   -1.1      9.8
  SINCE JUL 1      0.9                       2.0   -1.1      9.8
  SNOW DEPTH       0

DEGREE DAYS
 HEATING
  YESTERDAY       20                        30    -10       21
  MONTH TO DATE  444                       629   -185      775
  SINCE SEP 1   1104                      1281   -177     1236
  SINCE JUL 1   1119                      1325   -206     1246

 COOLING
  YESTERDAY        0                         0      0        0
  MONTH TO DATE   10                         0     10        0
  SINCE SEP 1     29                        54    -25      107
  SINCE JAN 1    780                       531    249      717
...................................................................


WIND (MPH)
  HIGHEST WIND SPEED    12   HIGHEST WIND DIRECTION     S (160)
  HIGHEST GUST SPEED    18   HIGHEST GUST DIRECTION     S (160)
  AVERAGE WIND SPEED     5.4


SKY COVER
  POSSIBLE SUNSHINE  MM
  AVERAGE SKY COVER 1.0


WEATHER CONDITIONS
THE FOLLOWING WEATHER WAS RECORDED YESTERDAY.
  RAIN
  LIGHT RAIN
  FOG
  HAZE


RELATIVE HUMIDITY (PERCENT)
 HIGHEST    93           700 PM
 LOWEST     82           300 AM
 AVERAGE    88

..........................................................


THE FLINT MI CLIMATE NORMALS FOR TODAY
                         NORMAL    RECORD    YEAR
 MAXIMUM TEMPERATURE (F)   42        63      1984
 MINIMUM TEMPERATURE (F)   28        -7      1949


SUNRISE AND SUNSET
NOVEMBER 26 2020......SUNRISE   741 AM EST   SUNSET   503 PM EST
NOVEMBER 27 2020......SUNRISE   742 AM EST   SUNSET   503 PM EST


-  INDICATES NEGATIVE NUMBERS.
R  INDICATES RECORD WAS SET OR TIED.
MM INDICATES DATA IS MISSING.
T  INDICATES TRACE AMOUNT.




$$
