000
CDUS42 KMLB 040723
CLIFPR

CLIMATE REPORT
NATIONAL WEATHER SERVICE MELBOURNE FL
223 AM EST FRI DEC 04 2020

...................................

...THE FORT PIERCE CLIMATE SUMMARY FOR DECEMBER 3 2020...

CLIMATE NORMAL PERIOD 1981 TO 2010
CLIMATE RECORD PERIOD 1901 TO 2020


WEATHER ITEM   OBSERVED TIME   RECORD YEAR NORMAL DEPARTURE LAST
                VALUE   (LST)  VALUE       VALUE  FROM      YEAR
                                                  NORMAL
...................................................................
TEMPERATURE (F)
 YESTERDAY
  MAXIMUM         74    214 PM  88    1983  77     -3       65
                                      1991
                                      2018
  MINIMUM         48    300 AM  34    1910  58    -10       39
  AVERAGE         61                        67     -6       52

PRECIPITATION (IN)
  YESTERDAY        0.00          0.93 2015   0.07  -0.07     0.00
  MONTH TO DATE    0.00                      0.19  -0.19      T
  SINCE DEC 1      0.00                      0.19  -0.19      T
  SINCE JAN 1     72.92                     51.92  21.00    44.04

SNOWFALL (IN)
  YESTERDAY        0.0
  MONTH TO DATE    0.0
  SINCE JUL 1      0.0

DEGREE DAYS
 HEATING
  YESTERDAY        4                         2      2       13
  MONTH TO DATE   26                         6     20       19
  SINCE DEC 1     26                         6     20       19
  SINCE JUL 1     26                        32     -6       51

 COOLING
  YESTERDAY        0                         4     -4        0
  MONTH TO DATE    0                        12    -12        7
  SINCE DEC 1      0                        12    -12        7
  SINCE JAN 1   4013                      3284    729     3708
...................................................................


WIND (MPH)
  HIGHEST WIND SPEED    16   HIGHEST WIND DIRECTION    SE (120)
  HIGHEST GUST SPEED    22   HIGHEST GUST DIRECTION    SE (120)
  AVERAGE WIND SPEED     7.9


SKY COVER
  AVERAGE SKY COVER 0.7


WEATHER CONDITIONS
THE FOLLOWING WEATHER WAS RECORDED YESTERDAY.
  NO SIGNIFICANT WEATHER WAS OBSERVED.


RELATIVE HUMIDITY (PERCENT)
 HIGHEST    97           300 AM
 LOWEST     53           100 PM
 AVERAGE    75

..........................................................


THE FORT PIERCE CLIMATE NORMALS FOR TODAY
                         NORMAL    RECORD    YEAR
 MAXIMUM TEMPERATURE (F)   76        88      1902
 MINIMUM TEMPERATURE (F)   58        34      1989


SUNRISE AND SUNSET
DECEMBER  4 2020......SUNRISE   657 AM EST   SUNSET   527 PM EST
DECEMBER  5 2020......SUNRISE   658 AM EST   SUNSET   527 PM EST


-  INDICATES NEGATIVE NUMBERS.
R  INDICATES RECORD WAS SET OR TIED.
MM INDICATES DATA IS MISSING.
T  INDICATES TRACE AMOUNT.




$$
