000
CDUS43 KFSD 040625
CLIFSD

CLIMATE REPORT
NATIONAL WEATHER SERVICE SIOUX FALLS SD
1225 AM CST FRI DEC 04 2020

...................................

...THE SIOUX FALLS CLIMATE SUMMARY FOR DECEMBER 3 2020...

CLIMATE NORMAL PERIOD: 1981 TO 2010
CLIMATE RECORD PERIOD: 1893 TO 2020


WEATHER ITEM   OBSERVED TIME   RECORD YEAR NORMAL DEPARTURE LAST
                VALUE   (LST)  VALUE       VALUE  FROM      YEAR
                                                  NORMAL
...................................................................
TEMPERATURE (F)
 YESTERDAY
  MAXIMUM         45   3:26 PM  63    1998  32     13       38
  MINIMUM         21   8:11 AM -10    1919  14      7       21
  AVERAGE         33                        23     10       30

PRECIPITATION (IN)
  YESTERDAY        0.00          1.41 1955   0.03  -0.03     0.00
  MONTH TO DATE    0.00                      0.09  -0.09     0.01
  SINCE DEC 1      0.00                      0.09  -0.09     0.01
  SINCE JAN 1     15.81                     25.78  -9.97    38.31

SNOWFALL (IN)
  YESTERDAY        0.0          10.9  1955   0.3   -0.3      0.0
  MONTH TO DATE    0.0                       0.8   -0.8      0.4
  SINCE DEC 1      0.0                       0.8   -0.8      0.4
  SINCE JUL 1     10.3                       9.5    0.8      9.5
  SNOW DEPTH       0

DEGREE DAYS
 HEATING
  YESTERDAY       32                        42    -10       35
  MONTH TO DATE  100                       125    -25      124
  SINCE DEC 1    100                       125    -25      124
  SINCE JUL 1   1631                      1837   -206     1773

 COOLING
  YESTERDAY        0                         0      0        0
  MONTH TO DATE    0                         0      0        0
  SINCE DEC 1      0                         0      0        0
  SINCE JAN 1   1111                       690    421      830
...................................................................


WIND (MPH)
  HIGHEST WIND SPEED    15   HIGHEST WIND DIRECTION     W (270)
  HIGHEST GUST SPEED    23   HIGHEST GUST DIRECTION     W (280)
  AVERAGE WIND SPEED     7.3


SKY COVER
  POSSIBLE SUNSHINE  MM
  AVERAGE SKY COVER 0.3


WEATHER CONDITIONS
THE FOLLOWING WEATHER WAS RECORDED YESTERDAY.
  NO SIGNIFICANT WEATHER WAS OBSERVED.


RELATIVE HUMIDITY (PERCENT)
 HIGHEST    89          12:00 AM
 LOWEST     41           4:00 PM
 AVERAGE    65

..........................................................


THE SIOUX FALLS CLIMATE NORMALS FOR TODAY
                         NORMAL    RECORD    YEAR
 MAXIMUM TEMPERATURE (F)   32        53      1946
 MINIMUM TEMPERATURE (F)   13       -13      1978


SUNRISE AND SUNSET
DECEMBER  4 2020......SUNRISE   7:44 AM CST   SUNSET   4:51 PM CST
DECEMBER  5 2020......SUNRISE   7:45 AM CST   SUNSET   4:50 PM CST


-  INDICATES NEGATIVE NUMBERS.
R  INDICATES RECORD WAS SET OR TIED.
MM INDICATES DATA IS MISSING.
T  INDICATES TRACE AMOUNT.




$$
