851
CDUS44 KTSA 261519
CLIFSM

CLIMATE REPORT
NATIONAL WEATHER SERVICE TULSA OK
919 AM CST THU NOV 26 2020

...................................

...THE FORT SMITH ARKANSAS CLIMATE SUMMARY FOR NOVEMBER 26 2020...
VALID AS OF 0900 AM LOCAL TIME.

CLIMATE NORMAL PERIOD 1981 TO 2010
CLIMATE RECORD PERIOD 1882 TO 2020


WEATHER ITEM   OBSERVED TIME   RECORD YEAR NORMAL DEPARTURE LAST
                VALUE   (LST)  VALUE       VALUE  FROM      YEAR
                                                  NORMAL
...................................................................
TEMPERATURE (F)
 TODAY
  MAXIMUM         39   1235 AM  82    1965  58    -19       73
  MINIMUM         34    307 AM  17    1975  36     -2       50
  AVERAGE         37                        47    -10       62

PRECIPITATION (IN)
  TODAY            0.00          1.90 1893   0.14  -0.14     0.02
  MONTH TO DATE    1.62                      3.87  -2.25     3.20
  SINCE SEP 1     15.80                     12.24   3.56    15.35
  SINCE JAN 1     57.20                     41.60  15.60    65.42

SNOWFALL (IN)
  TODAY            0.0                                        0.0
  MONTH TO DATE    0.0                                        T
  SINCE SEP 1      0.0                                        T
  SINCE JUL 1      0.0                                        T

DEGREE DAYS
 HEATING
  TODAY           28                        18     10        3
  MONTH TO DATE  237                       336    -99      416
  SINCE SEP 1    413                       490    -77      593
  SINCE JUL 1    413                       490    -77      593
...................................................................


WIND (MPH)
  HIGHEST WIND SPEED    12   HIGHEST WIND DIRECTION     E (80)
  HIGHEST GUST SPEED    13   HIGHEST GUST DIRECTION     E (80)
  AVERAGE WIND SPEED     6.0


SKY COVER
  POSSIBLE SUNSHINE  MM
  AVERAGE SKY COVER 0.7


WEATHER CONDITIONS
THE FOLLOWING WEATHER WAS RECORDED TODAY.
  LIGHT SNOW
  FOG
  FOG W/VISIBILITY <= 1/4 MILE


RELATIVE HUMIDITY (PERCENT)
 HIGHEST   100           300 AM
 LOWEST     96           300 AM
 AVERAGE    98

..........................................................


THE FORT SMITH ARKANSAS CLIMATE NORMALS FOR TOMORROW
                         NORMAL    RECORD    YEAR
 MAXIMUM TEMPERATURE (F)   57        81      1964
 MINIMUM TEMPERATURE (F)   36        13      1975


SUNRISE AND SUNSET
NOVEMBER 26 2020......SUNRISE   704 AM CST   SUNSET   506 PM CST
NOVEMBER 27 2020......SUNRISE   705 AM CST   SUNSET   506 PM CST


-  INDICATES NEGATIVE NUMBERS.
R  INDICATES RECORD WAS SET OR TIED.
MM INDICATES DATA IS MISSING.
T  INDICATES TRACE AMOUNT.




$$
