000
CDUS42 KFFC 280921
CLIFTY

CLIMATE REPORT
NATIONAL WEATHER SERVICE PEACHTREE CITY GA
421 AM EST SAT NOV 28 2020

...................................

...THE FULTON COUNTY AIRPORT CLIMATE SUMMARY FOR NOVEMBER 27 2020...

CLIMATE NORMAL PERIOD: 1981 TO 2010
CLIMATE RECORD PERIOD: 9999 TO 9999


WEATHER ITEM   OBSERVED TIME   RECORD YEAR NORMAL DEPARTURE LAST
                VALUE   (LST)  VALUE       VALUE  FROM      YEAR
                                                  NORMAL
...................................................................
TEMPERATURE (F)
 YESTERDAY
  MAXIMUM         71   2:01 PM  MM      MM  60     11       75
  MINIMUM         40   7:43 AM  MM      MM  39      1       50
  AVERAGE         56                        49      7       63

PRECIPITATION (IN)
  YESTERDAY        T            MM      MM   0.16  -0.16     0.30
  MONTH TO DATE    1.13                      3.67  -2.54     3.04
  SINCE SEP 1     16.23                     11.26   4.97     9.55
  SINCE JAN 1     61.84                     46.68  15.16    39.84

SNOWFALL (IN)
  YESTERDAY       MM            MM      MM  MM     MM       MM
  MONTH TO DATE    0.0                       0.0    0.0      0.0
  SINCE SEP 1      0.0                      MM     MM        0.0
  SINCE JUL 1      0.0                      MM     MM        0.0
  SNOW DEPTH      MM

DEGREE DAYS
 HEATING
  YESTERDAY        9                        16     -7        2
  MONTH TO DATE  221                       318    -97      407
  SINCE SEP 1    302                       461   -159      478
  SINCE JUL 1    302                       461   -159      478
...................................................................


WIND (MPH)
  RESULTANT WIND SPEED   1   RESULTANT WIND DIRECTION  NW (330)
  HIGHEST WIND SPEED     8   HIGHEST WIND DIRECTION     W (290)
  HIGHEST GUST SPEED    11   HIGHEST GUST DIRECTION    NW (300)
  AVERAGE WIND SPEED     1.4


SKY COVER
  AVERAGE SKY COVER 0.4


WEATHER CONDITIONS
THE FOLLOWING WEATHER WAS RECORDED YESTERDAY.
  LIGHT RAIN
  FOG
  FOG W/VISIBILITY <= 1/4 MILE


RELATIVE HUMIDITY (PERCENT)
 HIGHEST    97          12:00 AM
 LOWEST     28           2:00 PM
 AVERAGE    63

..........................................................


THE FULTON COUNTY AIRPORT CLIMATE NORMALS FOR TODAY
                         NORMAL    RECORD    YEAR
 MAXIMUM TEMPERATURE (F)   60        MM        MM
 MINIMUM TEMPERATURE (F)   39        MM        MM


SUNRISE AND SUNSET
NOVEMBER 28 2020......SUNRISE   7:23 AM EST   SUNSET   5:30 PM EST
NOVEMBER 29 2020......SUNRISE   7:23 AM EST   SUNSET   5:30 PM EST


-  INDICATES NEGATIVE NUMBERS.
R  INDICATES RECORD WAS SET OR TIED.
MM INDICATES DATA IS MISSING.
T  INDICATES TRACE AMOUNT.




$$
