000
CDUS42 KFFC 130821
CLIFTY

CLIMATE REPORT
NATIONAL WEATHER SERVICE PEACHTREE CITY GA
421 AM EDT SUN JUN 13 2021

...................................

...THE FULTON COUNTY AIRPORT CLIMATE SUMMARY FOR JUNE 12 2021...

CLIMATE NORMAL PERIOD: 1991 TO 2020
CLIMATE RECORD PERIOD: 9999 TO 9999


WEATHER ITEM   OBSERVED TIME   RECORD YEAR NORMAL DEPARTURE LAST
                VALUE   (LST)  VALUE       VALUE  FROM      YEAR
                                                  NORMAL
...................................................................
TEMPERATURE (F)
 YESTERDAY
  MAXIMUM         88   3:08 PM  MM      MM  87      1       87
  MINIMUM         72   4:01 AM  MM      MM  66      6       62
  AVERAGE         80                        76      4       75

PRECIPITATION (IN)
  YESTERDAY        T            MM      MM   0.12  -0.12      T
  MONTH TO DATE    1.23                      1.37  -0.14     1.54
  SINCE JUN 1      1.23                      1.37  -0.14     1.54
  SINCE JAN 1     22.09                     21.74   0.35    32.51

DEGREE DAYS
 COOLING
  YESTERDAY       15                        11      4       10
  MONTH TO DATE  139                       123     16      139
  SINCE JUN 1    139                       123     16      139
  SINCE JAN 1    318                       353    -35      348
...................................................................


WIND (MPH)
  RESULTANT WIND SPEED   5   RESULTANT WIND DIRECTION   W (290)
  HIGHEST WIND SPEED    20   HIGHEST WIND DIRECTION     W (280)
  HIGHEST GUST SPEED    28   HIGHEST GUST DIRECTION     W (290)
  AVERAGE WIND SPEED     6.6


SKY COVER
  AVERAGE SKY COVER 0.3


WEATHER CONDITIONS
THE FOLLOWING WEATHER WAS RECORDED YESTERDAY.
  THUNDERSTORM


RELATIVE HUMIDITY (PERCENT)
 HIGHEST    94          12:00 AM
 LOWEST     55           1:00 PM
 AVERAGE    75

..........................................................


THE FULTON COUNTY AIRPORT CLIMATE NORMALS FOR TODAY
                         NORMAL    RECORD    YEAR
 MAXIMUM TEMPERATURE (F)   87        MM        MM
 MINIMUM TEMPERATURE (F)   66        MM        MM


SUNRISE AND SUNSET
JUNE 13 2021..........SUNRISE   6:27 AM EDT   SUNSET   8:50 PM EDT
JUNE 14 2021..........SUNRISE   6:27 AM EDT   SUNSET   8:50 PM EDT


-  INDICATES NEGATIVE NUMBERS.
R  INDICATES RECORD WAS SET OR TIED.
MM INDICATES DATA IS MISSING.
T  INDICATES TRACE AMOUNT.




$$
