000
CDUS46 KSGX 130019
CLIFUL

CLIMATE REPORT
NATIONAL WEATHER SERVICE SAN DIEGO, CA
519 PM PDT SAT JUN 12 2021

...................................

...THE FULLERTON AIRPORT CA CLIMATE SUMMARY FOR JUNE 12 2021...
VALID TODAY AS OF 0400 PM LOCAL TIME.

CLIMATE NORMAL PERIOD: 1991 TO 2020
CLIMATE RECORD PERIOD: 1998 TO 2021


WEATHER ITEM   OBSERVED TIME   RECORD YEAR NORMAL DEPARTURE LAST
                VALUE   (LST)  VALUE       VALUE  FROM      YEAR
                                                  NORMAL
...................................................................
TEMPERATURE (F)
 TODAY
  MAXIMUM         86R  1:55 PM  83    2000  78      8       78
                                      2018
  MINIMUM         59   4:59 AM  57    2017  62     -3       64
  AVERAGE         73                        70      3       71

PRECIPITATION (IN)
  TODAY            0.00          0.02 2011   0.00   0.00     0.00
  MONTH TO DATE    0.00                      0.06  -0.06      T
  SINCE JUL 1      4.74                     11.84  -7.10    12.43
  SINCE OCT 1      4.74                     11.66  -6.92    12.43
  SINCE JAN 1      2.79                      8.56  -5.77     5.92

DEGREE DAYS
 HEATING
  TODAY            0                         0      0        0
  MONTH TO DATE    0                         0      0        0
  SINCE JUN 1      0                         0      0        0
  SINCE JUL 1    815                      1048   -233      862

 COOLING
  TODAY            8                         5      3        6
  MONTH TO DATE   57                        52      5      113
  SINCE JUN 1     57                        52      5      113
  SINCE JAN 1    264                       223     41      419
...................................................................


WIND (MPH)
  RESULTANT WIND SPEED   3   RESULTANT WIND DIRECTION   S (190)
  HIGHEST WIND SPEED    13   HIGHEST WIND DIRECTION     S (190)
  HIGHEST GUST SPEED    17   HIGHEST GUST DIRECTION    SW (220)
  AVERAGE WIND SPEED     3.5


SKY COVER
  POSSIBLE SUNSHINE  MM
  AVERAGE SKY COVER 0.0


WEATHER CONDITIONS
THE FOLLOWING WEATHER WAS RECORDED TODAY.
  NO SIGNIFICANT WEATHER WAS OBSERVED.


RELATIVE HUMIDITY (PERCENT)
 HIGHEST    77           5:00 AM
 LOWEST     30           3:00 PM
 AVERAGE    54

..........................................................


THE FULLERTON AIRPORT CA CLIMATE NORMALS FOR TOMORROW
                         NORMAL    RECORD    YEAR
 MAXIMUM TEMPERATURE (F)   78        90      2007
 MINIMUM TEMPERATURE (F)   62        57      2017


SUNRISE AND SUNSET
JUNE 12 2021..........SUNRISE   5:40 AM PDT   SUNSET   8:03 PM PDT
JUNE 13 2021..........SUNRISE   5:40 AM PDT   SUNSET   8:04 PM PDT


-  INDICATES NEGATIVE NUMBERS.
R  INDICATES RECORD WAS SET OR TIED.
MM INDICATES DATA IS MISSING.
T  INDICATES TRACE AMOUNT.




$$
