307
CDUS46 KSGX 280926
CLIFUL


CLIMATE REPORT
NATIONAL WEATHER SERVICE SAN DIEGO, CA
126 AM PST SAT NOV 28 2020


...................................

...THE FULLERTON AIRPORT CA CLIMATE SUMMARY FOR NOVEMBER 27 2020...

CLIMATE NORMAL PERIOD 1981 TO 2010
CLIMATE RECORD PERIOD 1998 TO 2020


WEATHER ITEM   OBSERVED TIME   RECORD YEAR NORMAL DEPARTURE LAST
                VALUE   (LST)  VALUE       VALUE  FROM      YEAR
                                                  NORMAL
..................................................................
TEMPERATURE (F)
 YESTERDAY
  MAXIMUM         75    207 PM  91    2014  69      6       59
  MINIMUM         48    654 AM  38    2010  47      1       49
  AVERAGE         62                        58      4       54

PRECIPITATION (IN)
  YESTERDAY        0.00          0.31 2019   0.03  -0.03     0.31
  MONTH TO DATE    0.18                      0.99  -0.81     0.44
  SINCE OCT 1      0.18                      1.74  -1.56     0.44
  SINCE JAN 1      6.10                     11.72  -5.62    14.33

DEGREE DAYS
 HEATING
  YESTERDAY        3                         7     -4       11
  MONTH TO DATE   73                       118    -45       39
  SINCE SEP 1     75                       142    -67       43
  SINCE JUL 1     75                       142    -67       43

 COOLING
  YESTERDAY        0                         0      0        0
  MONTH TO DATE   54                        19     35       47
  SINCE SEP 1    748                       387    361      582
  SINCE JAN 1   2081                      1250    831     1514
..................................................................


WIND (MPH)
  RESULTANT WIND SPEED   2   RESULTANT WIND DIRECTION  NE (60)
  HIGHEST WIND SPEED    16   HIGHEST WIND DIRECTION     E (90)
  HIGHEST GUST SPEED    22   HIGHEST GUST DIRECTION     E (90)
  AVERAGE WIND SPEED     3.8


SKY COVER
  POSSIBLE SUNSHINE  MM
  AVERAGE SKY COVER 0.0


WEATHER CONDITIONS
 THE FOLLOWING WEATHER WAS RECORDED YESTERDAY.
  NO SIGNIFICANT WEATHER WAS OBSERVED.


RELATIVE HUMIDITY (PERCENT)
 HIGHEST    35          1000 PM
 LOWEST      8          1100 AM
 AVERAGE    22

..........................................................


THE FULLERTON AIRPORT CA CLIMATE NORMALS FOR TODAY
                         NORMAL    RECORD    YEAR
 MAXIMUM TEMPERATURE (F)   69        82      2014
                                             2002
 MINIMUM TEMPERATURE (F)   47        39      2004


SUNRISE AND SUNSET
NOVEMBER 28 2020......SUNRISE   637 AM PST   SUNSET   443 PM PST
NOVEMBER 29 2020......SUNRISE   638 AM PST   SUNSET   443 PM PST


-  INDICATES NEGATIVE NUMBERS.
R  INDICATES RECORD WAS SET OR TIED.
MM INDICATES DATA IS MISSING.
T  INDICATES TRACE AMOUNT.




$$
