416
CDUS41 KCAR 290546
CLIFVE

CLIMATE REPORT
NATIONAL WEATHER SERVICE CARIBOU ME
1246 AM EST SUN NOV 29 2020

...................................

...THE FRENCHVILLE ME CLIMATE SUMMARY FOR NOVEMBER 28 2020...

CLIMATE NORMAL PERIOD: 1981 TO 2010
CLIMATE RECORD PERIOD: 9999 TO 9999


WEATHER ITEM   OBSERVED TIME   RECORD YEAR NORMAL DEPARTURE LAST
                VALUE   (LST)  VALUE       VALUE  FROM      YEAR
                                                  NORMAL
...................................................................
TEMPERATURE (F)
 YESTERDAY
  MAXIMUM         35   2:54 PM              30      5
  MINIMUM         30  11:59 PM              18     12
  AVERAGE         33                        24      9

PRECIPITATION (IN)
  YESTERDAY        T            MM      MM   0.11  -0.11     0.00
  MONTH TO DATE    2.12                      2.75  -0.63     2.61
  SINCE SEP 1      9.19                      8.81   0.38     7.44
  SINCE JAN 1     22.39                     30.87  -8.48     7.58

SNOWFALL (IN)
  YESTERDAY       MM            MM      MM         MM       MM
  MONTH TO DATE   MM                               MM       MM
  SINCE SEP 1     MM                               MM       MM
  SINCE JUL 1     MM                               MM       MM
  SNOW DEPTH      MM

DEGREE DAYS
 HEATING
  YESTERDAY       32                               -9
  MONTH TO DATE  868                              -99
  SINCE JUL 1   2019                             -208

 COOLING
  YESTERDAY        0                                0
  MONTH TO DATE    0                                0
  SINCE JAN 1    375                              241
...................................................................


WIND (MPH)
  HIGHEST WIND SPEED     9   HIGHEST WIND DIRECTION     W (270)
  HIGHEST GUST SPEED    13   HIGHEST GUST DIRECTION     W (260)
  AVERAGE WIND SPEED     2.8

..........................................................


THE FRENCHVILLE ME CLIMATE NORMALS FOR TODAY
                         NORMAL




SUNRISE AND SUNSET
NOVEMBER 29 2020......SUNRISE   6:57 AM EST   SUNSET   3:46 PM EST
NOVEMBER 30 2020......SUNRISE   6:59 AM EST   SUNSET   3:45 PM EST


-  INDICATES NEGATIVE NUMBERS.
*  INDICATES RECORD WAS SET OR TIED.
MM INDICATES DATA IS MISSING.
T  INDICATES TRACE AMOUNT.




$$
