000
CDUS43 KIWX 040531
CLIFWA

CLIMATE REPORT
NATIONAL WEATHER SERVICE NORTHERN INDIANA
1231 AM EST FRI DEC 04 2020

...................................

...THE FORT WAYNE CLIMATE SUMMARY FOR DECEMBER 3 2020...

CLIMATE NORMAL PERIOD 1981 TO 2010
CLIMATE RECORD PERIOD 1897 TO 2020


WEATHER ITEM   OBSERVED TIME   RECORD YEAR NORMAL DEPARTURE LAST
                VALUE   (LST)  VALUE       VALUE  FROM      YEAR
                                                  NORMAL
...................................................................
TEMPERATURE (F)
 YESTERDAY
  MAXIMUM         42    343 PM  69    1982  41      1       36
  MINIMUM         24    701 AM  -2    1942  26     -2       30
  AVERAGE         33                        33      0       33

PRECIPITATION (IN)
  YESTERDAY        0.00          1.59 1990   0.10  -0.10      T
  MONTH TO DATE    0.00                      0.29  -0.29     0.52
  SINCE DEC 1      0.00                      0.29  -0.29     0.52
  SINCE JAN 1     35.97                     35.86   0.11    36.72

SNOWFALL (IN)
  YESTERDAY        0.0           5.6  1911   0.2   -0.2      0.1
  MONTH TO DATE    0.0                       0.5   -0.5      0.1
  SINCE DEC 1      0.0                       0.5   -0.5      0.1
  SINCE JUL 1      1.0                       2.6   -1.6      7.0
  SNOW DEPTH       0

DEGREE DAYS
 HEATING
  YESTERDAY       32                        32      0       32
  MONTH TO DATE   95                        94      1       89
  SINCE DEC 1     95                        94      1       89
  SINCE JUL 1   1204                      1311   -107     1334

 COOLING
  YESTERDAY        0                         0      0        0
  MONTH TO DATE    0                         0      0        0
  SINCE DEC 1      0                         0      0        0
  SINCE JAN 1    938                       809    129      994
...................................................................


WIND (MPH)
  HIGHEST WIND SPEED    21   HIGHEST WIND DIRECTION    SW (220)
  HIGHEST GUST SPEED    26   HIGHEST GUST DIRECTION    SW (220)
  AVERAGE WIND SPEED    10.5


SKY COVER
  AVERAGE SKY COVER 0.4


WEATHER CONDITIONS
THE FOLLOWING WEATHER WAS RECORDED YESTERDAY.
  NO SIGNIFICANT WEATHER WAS OBSERVED.


RELATIVE HUMIDITY (PERCENT)
 HIGHEST    75           800 PM
 LOWEST     57           300 PM
 AVERAGE    66

..........................................................


THE FORT WAYNE CLIMATE NORMALS FOR TODAY
                         NORMAL    RECORD    YEAR
 MAXIMUM TEMPERATURE (F)   40        64      1998
 MINIMUM TEMPERATURE (F)   26         4      1935
                                             1976


SUNRISE AND SUNSET
DECEMBER  4 2020......SUNRISE   750 AM EST   SUNSET   513 PM EST
DECEMBER  5 2020......SUNRISE   751 AM EST   SUNSET   512 PM EST


-  INDICATES NEGATIVE NUMBERS.
R  INDICATES RECORD WAS SET OR TIED.
MM INDICATES DATA IS MISSING.
T  INDICATES TRACE AMOUNT.




$$
