000
CDUS44 KTSA 261519
CLIFYV

CLIMATE REPORT
NATIONAL WEATHER SERVICE TULSA OK
919 AM CST THU NOV 26 2020

...................................

...THE FAYETTEVILLE ARKANSAS CLIMATE SUMMARY FOR NOVEMBER 26 2020...
VALID AS OF 0900 AM LOCAL TIME.

CLIMATE NORMAL PERIOD 1981 TO 2010
CLIMATE RECORD PERIOD 1905 TO 2020


WEATHER ITEM   OBSERVED RECORD YEAR NORMAL DEPARTURE LAST
                VALUE   VALUE       VALUE  FROM      YEAR
                                           NORMAL
............................................................
TEMPERATURE (F)
 TODAY
  MAXIMUM         32     75    1965  54
  MINIMUM         27     12    1975  32
  AVERAGE         30

PRECIPITATION (IN)
  TODAY            0.00   2.66 1968   0.13  -0.13     0.10
  MONTH TO DATE    2.08               3.69  -1.61     3.18
  SINCE SEP 1     11.37              12.84  -1.47    22.83
  SINCE JAN 1     46.89              44.73   2.16    62.59

SNOWFALL (IN)
  TODAY            0.0                                0.0
  MONTH TO DATE    0.0                                0.2
  SINCE SEP 1      0.0                                0.2
  SINCE JUL 1      0.0                                0.2

DEGREE DAYS
 HEATING
  TODAY           35
............................................................


WIND (MPH)
  RESULTANT WIND SPEED   0   RESULTANT WIND DIRECTION  NE (50)
  HIGHEST WIND SPEED     5   HIGHEST WIND DIRECTION     S (170)
  HIGHEST GUST SPEED     5   HIGHEST GUST DIRECTION     S (170)


SKY COVER
  POSSIBLE SUNSHINE  MM
  AVERAGE SKY COVER 0.4


WEATHER CONDITIONS
THE FOLLOWING WEATHER WAS RECORDED TODAY.
  FOG
  FOG W/VISIBILITY <= 1/4 MILE


RELATIVE HUMIDITY (PERCENT)
 HIGHEST   100
 LOWEST     96
 AVERAGE    98

..........................................................


THE FAYETTEVILLE ARKANSAS CLIMATE NORMALS FOR TOMORROW
                         NORMAL    RECORD    YEAR
 MAXIMUM TEMPERATURE (F)   54        74      1960
                                             1964
                                             1989
 MINIMUM TEMPERATURE (F)   32         6      1975


SUNRISE AND SUNSET
NOVEMBER 26 2020......SUNRISE   705 AM CST   SUNSET   504 PM CST
NOVEMBER 27 2020......SUNRISE   705 AM CST   SUNSET   503 PM CST


-  INDICATES NEGATIVE NUMBERS.
R  INDICATES RECORD WAS SET OR TIED.
MM INDICATES DATA IS MISSING.
T  INDICATES TRACE AMOUNT.




$$
