000
CDUS43 KUNR 260836
CLIGCC

CLIMATE REPORT
NATIONAL WEATHER SERVICE RAPID CITY SD
136 AM MST THU NOV 26 2020

...................................

...THE GILLETTE AIRPORT WY CLIMATE SUMMARY FOR NOVEMBER 25 2020...

CLIMATE NORMAL PERIOD 1981 TO 2010
CLIMATE RECORD PERIOD 9999 TO 9999


WEATHER ITEM   OBSERVED TIME   NORMAL DEPARTURE LAST
                VALUE   (LST)  VALUE  FROM      YEAR
                                      NORMAL
.......................................................
TEMPERATURE (F)
 YESTERDAY
  MAXIMUM         53    159 PM  39     14       37
  MINIMUM         17    156 AM  17      0       18
  AVERAGE         35            28      7       28

PRECIPITATION (IN)
  YESTERDAY        T             0.02  -0.02      T
  MONTH TO DATE    0.09          0.48  -0.39     0.38
  SINCE SEP 1      2.16          2.94  -0.78     2.91
  SINCE JAN 1      9.81         13.42  -3.61    17.12

DEGREE DAYS
 HEATING
  YESTERDAY       30            37     -7       37
  MONTH TO DATE  642           775   -133      767
  SINCE SEP 1   1540          1627    -87     1806
  SINCE JUL 1   1562          1684   -122     1855

 COOLING
  YESTERDAY        0             0      0        0
  MONTH TO DATE    0             0      0        0
  SINCE SEP 1     61            42     19       65
  SINCE JAN 1    666           502    164      375
.......................................................


WIND (MPH)
  HIGHEST WIND SPEED    28   HIGHEST WIND DIRECTION    SW (230)
  HIGHEST GUST SPEED    35   HIGHEST GUST DIRECTION    NW (330)
  AVERAGE WIND SPEED    12.0


SKY COVER
  AVERAGE SKY COVER 0.2


WEATHER CONDITIONS
THE FOLLOWING WEATHER WAS RECORDED YESTERDAY.
  LIGHT SNOW


RELATIVE HUMIDITY (PERCENT)
 HIGHEST    79           900 PM
 LOWEST     23           100 PM
 AVERAGE    51

..........................................................



SUNRISE AND SUNSET
NOVEMBER 26 2020......SUNRISE   713 AM MST   SUNSET   426 PM MST
NOVEMBER 27 2020......SUNRISE   714 AM MST   SUNSET   426 PM MST


-  INDICATES NEGATIVE NUMBERS.
R  INDICATES RECORD WAS SET OR TIED.
MM INDICATES DATA IS MISSING.
T  INDICATES TRACE AMOUNT.




$$
