094
CDUS41 KPHI 282129
CLIGED

CLIMATE REPORT
NATIONAL WEATHER SERVICE MOUNT HOLLY NJ
429 PM EST SAT NOV 28 2020

...................................

...THE GEORGETOWN DE CLIMATE SUMMARY FOR NOVEMBER 28 2020...
VALID TODAY AS OF 0400 PM LOCAL TIME.

CLIMATE NORMAL PERIOD: 1981 TO 2010
CLIMATE RECORD PERIOD: 1948 TO 2020


WEATHER ITEM   OBSERVED TIME   RECORD YEAR NORMAL DEPARTURE LAST
                VALUE   (LST)  VALUE       VALUE  FROM      YEAR
                                                  NORMAL
...................................................................
TEMPERATURE (F)
 TODAY
  MAXIMUM         61   1:21 PM  73    2011  54      7       56
  MINIMUM         43   7:41 AM  17    1951  35      8       42
  AVERAGE         52                        44      8       49

PRECIPITATION (IN)
  TODAY            0.00          1.20 1993   0.11  -0.11      T
  MONTH TO DATE    4.73                      3.13   1.60     1.40
  SINCE SEP 1     14.61                     10.98   3.63     6.19
  SINCE JAN 1     43.23                     40.25   2.98    35.39

DEGREE DAYS
 HEATING
  TODAY           13                        20     -7       16
  MONTH TO DATE  314                       456   -142      545
  SINCE SEP 1    474                       741   -267      676
  SINCE JUL 1    474                       742   -268      676

 COOLING
  TODAY            0                         0      0        0
  MONTH TO DATE    8                         0      8        0
  SINCE SEP 1    245                       165     80      291
  SINCE JAN 1   1597                      1194    403     1659
...................................................................


WIND (MPH)
  HIGHEST WIND SPEED    14   HIGHEST WIND DIRECTION    NW (300)
  HIGHEST GUST SPEED    21   HIGHEST GUST DIRECTION    NW (300)
  AVERAGE WIND SPEED     3.7


SKY COVER
  POSSIBLE SUNSHINE  MM
  AVERAGE SKY COVER 0.3


WEATHER CONDITIONS
THE FOLLOWING WEATHER WAS RECORDED TODAY.
  FOG


RELATIVE HUMIDITY (PERCENT)
 HIGHEST   100           7:00 AM
 LOWEST     45           3:00 PM
 AVERAGE    73

..........................................................


THE GEORGETOWN DE CLIMATE NORMALS FOR TOMORROW
                         NORMAL    RECORD    YEAR
 MAXIMUM TEMPERATURE (F)   54        75      1973
                                             1990
 MINIMUM TEMPERATURE (F)   35        17      1952
                                             1955


SUNRISE AND SUNSET
NOVEMBER 28 2020......SUNRISE   6:58 AM EST   SUNSET   4:41 PM EST
NOVEMBER 29 2020......SUNRISE   6:59 AM EST   SUNSET   4:41 PM EST


-  INDICATES NEGATIVE NUMBERS.
R  INDICATES RECORD WAS SET OR TIED.
MM INDICATES DATA IS MISSING.
T  INDICATES TRACE AMOUNT.




$$
