041
CDUS41 KPHI 130553
CLIGED

CLIMATE REPORT
NATIONAL WEATHER SERVICE MOUNT HOLLY NJ
153 AM EDT SUN JUN 13 2021

...................................

...THE GEORGETOWN DE CLIMATE SUMMARY FOR JUNE 12 2021...

CLIMATE NORMAL PERIOD: 1991 TO 2020
CLIMATE RECORD PERIOD: 1948 TO 2021


WEATHER ITEM   OBSERVED TIME   RECORD YEAR NORMAL DEPARTURE LAST
                VALUE   (LST)  VALUE       VALUE  FROM      YEAR
                                                  NORMAL
...................................................................
TEMPERATURE (F)
 YESTERDAY
  MAXIMUM         77   3:45 PM  95    2017  82     -5       88
  MINIMUM         64  11:59 PM  42    1972  63      1       68
  AVERAGE         71                        73     -2       78

PRECIPITATION (IN)
  YESTERDAY        0.03          2.05 1996   0.14  -0.11     0.00
  MONTH TO DATE    2.50                      1.59   0.91     1.80
  SINCE JUN 1      2.50                      1.59   0.91     1.80
  SINCE JAN 1     20.17                     17.96   2.21    18.17

DEGREE DAYS
 HEATING
  YESTERDAY        0                         0      0        0
  MONTH TO DATE    0                         7     -7        3
  SINCE JUN 1      0                         7     -7        3
  SINCE JUL 1   3614                      4067   -453     3726

 COOLING
  YESTERDAY        6                         8     -2       13
  MONTH TO DATE  137                        79     58      131
  SINCE JUN 1    137                        79     58      131
  SINCE JAN 1    294                       198     96      207
...................................................................


WIND (MPH)
  HIGHEST WIND SPEED    17   HIGHEST WIND DIRECTION    NE (60)
  HIGHEST GUST SPEED    21   HIGHEST GUST DIRECTION    NE (40)
  AVERAGE WIND SPEED     9.2


SKY COVER
  POSSIBLE SUNSHINE  MM
  AVERAGE SKY COVER 0.8


WEATHER CONDITIONS
THE FOLLOWING WEATHER WAS RECORDED YESTERDAY.
  LIGHT RAIN
  FOG


RELATIVE HUMIDITY (PERCENT)
 HIGHEST    93          12:00 AM
 LOWEST     57           3:00 PM
 AVERAGE    75

..........................................................


THE GEORGETOWN DE CLIMATE NORMALS FOR TODAY
                         NORMAL    RECORD    YEAR
 MAXIMUM TEMPERATURE (F)   83        97      1954
 MINIMUM TEMPERATURE (F)   63        43      1950


SUNRISE AND SUNSET
JUNE 13 2021..........SUNRISE   5:36 AM EDT   SUNSET   8:27 PM EDT
JUNE 14 2021..........SUNRISE   5:36 AM EDT   SUNSET   8:28 PM EDT


-  INDICATES NEGATIVE NUMBERS.
R  INDICATES RECORD WAS SET OR TIED.
MM INDICATES DATA IS MISSING.
T  INDICATES TRACE AMOUNT.




$$
