000
CDUS46 KOTX 260841
CLIGEG

CLIMATE REPORT
NATIONAL WEATHER SERVICE SPOKANE WA
1241 AM PST THU NOV 26 2020

...................................

...THE SPOKANE WA AIRPORT CLIMATE SUMMARY FOR NOVEMBER 25 2020...

CLIMATE NORMAL PERIOD 1981 TO 2010
CLIMATE RECORD PERIOD 1881 TO 2020


WEATHER ITEM   OBSERVED TIME   RECORD YEAR NORMAL DEPARTURE LAST
                VALUE   (LST)  VALUE       VALUE  FROM      YEAR
                                                  NORMAL
...................................................................
TEMPERATURE (F)
 YESTERDAY
  MAXIMUM         39    129 AM  57    1914  37      2       33
  MINIMUM         31    751 AM  -3    1985  27      4       22
  AVERAGE         35                        32      3       28

PRECIPITATION (IN)
  YESTERDAY        0.02          0.67 1977   0.09  -0.07     0.00
  MONTH TO DATE    1.57                      1.88  -0.31     0.64
  SINCE OCT 1      3.23                      3.06   0.17     2.17
  SINCE JAN 1     12.91                     13.84  -0.93    13.27

SNOWFALL (IN)
  YESTERDAY        T             5.7  1931   0.3   -0.3      0.0
  MONTH TO DATE    8.4                       5.4    3.0       T
  SINCE SEP 1     15.9                       5.5   10.4      6.9
  SINCE JUL 1     15.9                       5.5   10.4      6.9
  SNOW DEPTH       0

DEGREE DAYS
 HEATING
  YESTERDAY       30                        33     -3       37
  MONTH TO DATE  677                       709    -32      677
  SINCE SEP 1   1289                      1432   -143     1583
  SINCE JUL 1   1321                      1497   -176     1594

 COOLING
  YESTERDAY        0                         0      0        0
  MONTH TO DATE    0                         0      0        0
  SINCE SEP 1     69                        39     30       40
  SINCE JAN 1    557                       450    107      523
...................................................................


WIND (MPH)
  HIGHEST WIND SPEED    25   HIGHEST WIND DIRECTION    SW (240)
  HIGHEST GUST SPEED    31   HIGHEST GUST DIRECTION     W (250)
  AVERAGE WIND SPEED    10.0


SKY COVER
  POSSIBLE SUNSHINE  MM
  AVERAGE SKY COVER 0.9


WEATHER CONDITIONS
THE FOLLOWING WEATHER WAS RECORDED YESTERDAY.
  LIGHT RAIN
  LIGHT SNOW
  FOG


RELATIVE HUMIDITY (PERCENT)
 HIGHEST    92           900 PM
 LOWEST     70           200 PM
 AVERAGE    81

..........................................................


THE SPOKANE WA AIRPORT CLIMATE NORMALS FOR TODAY
                         NORMAL    RECORD    YEAR
 MAXIMUM TEMPERATURE (F)   37        57      1949
                                             2017
 MINIMUM TEMPERATURE (F)   27         2      1993


SUNRISE AND SUNSET
NOVEMBER 26 2020......SUNRISE   712 AM PST   SUNSET   403 PM PST
NOVEMBER 27 2020......SUNRISE   713 AM PST   SUNSET   402 PM PST


-  INDICATES NEGATIVE NUMBERS.
R  INDICATES RECORD WAS SET OR TIED.
MM INDICATES DATA IS MISSING.
T  INDICATES TRACE AMOUNT.




$$
