982
CDUS45 KRIW 130759
CLIGEY

CLIMATE REPORT
NATIONAL WEATHER SERVICE RIVERTON WY
159 AM MDT SUN JUN 13 2021

...................................

...THE GREYBULL WY CLIMATE SUMMARY FOR JUNE 12 2021...

CLIMATE NORMAL PERIOD: 1991 TO 2020
CLIMATE RECORD PERIOD: 1998 TO 2021


WEATHER ITEM   OBSERVED TIME   RECORD YEAR NORMAL DEPARTURE LAST
                VALUE   (LST)  VALUE       VALUE  FROM      YEAR
                                                  NORMAL
...................................................................
TEMPERATURE (F)
 YESTERDAY
  MAXIMUM         MM        MM  96    2020  80     MM       96
  MINIMUM         46        MM  40    2018  52     -6       51
  AVERAGE         MM                        66     MM       74

PRECIPITATION (IN)
  YESTERDAY        0.00          0.25 2010   0.04  -0.04     0.00
                                      2010
                                      2013
  MONTH TO DATE    T                         0.60  -0.60     0.29
  SINCE JUN 1      T                         0.60  -0.60     0.29
  SINCE JAN 1      1.60                      2.95  -1.35     1.34

DEGREE DAYS
 HEATING
  YESTERDAY       MM                         2     MM        0
  MONTH TO DATE    5                        41    -36       19
  SINCE JUN 1      5                        41    -36       19
  SINCE JUL 1   7375                      7526   -151     7438

 COOLING
  YESTERDAY       MM                         3     MM        9
  MONTH TO DATE   95                        31     64       53
  SINCE JUN 1     95                        31     64       53
  SINCE JAN 1    102                        55     47      100
...................................................................


WIND (MPH)
  HIGHEST WIND SPEED    MM   HIGHEST WIND DIRECTION    MM
  HIGHEST GUST SPEED    MM   HIGHEST GUST DIRECTION    MM
  AVERAGE WIND SPEED    MM


SKY COVER
  POSSIBLE SUNSHINE  MM
  AVERAGE SKY COVER  MM


WEATHER CONDITIONS
THE FOLLOWING WEATHER WAS RECORDED YESTERDAY.
  NO SIGNIFICANT WEATHER WAS OBSERVED.


RELATIVE HUMIDITY (PERCENT)
 HIGHEST    MM
 LOWEST     MM
 AVERAGE    MM

..........................................................


THE GREYBULL WY CLIMATE NORMALS FOR TODAY
                         NORMAL    RECORD    YEAR
 MAXIMUM TEMPERATURE (F)   80        99      2020
 MINIMUM TEMPERATURE (F)   52        37      2001


SUNRISE AND SUNSET
JUNE 13 2021..........SUNRISE   5:27 AM MDT   SUNSET   8:58 PM MDT
JUNE 14 2021..........SUNRISE   5:27 AM MDT   SUNSET   8:59 PM MDT


-  INDICATES NEGATIVE NUMBERS.
R  INDICATES RECORD WAS SET OR TIED.
MM INDICATES DATA IS MISSING.
T  INDICATES TRACE AMOUNT.




$$
