000
CDUS45 KRIW 280834
CLIGEY

CLIMATE REPORT
NATIONAL WEATHER SERVICE RIVERTON WY
134 AM MST SAT NOV 28 2020

...................................

...THE GREYBULL WY CLIMATE SUMMARY FOR NOVEMBER 27 2020...

CLIMATE NORMAL PERIOD: 1981 TO 2010
CLIMATE RECORD PERIOD: 1998 TO 2020


WEATHER ITEM   OBSERVED TIME   RECORD YEAR NORMAL DEPARTURE LAST
                VALUE   (LST)  VALUE       VALUE  FROM      YEAR
                                                  NORMAL
...................................................................
TEMPERATURE (F)
 YESTERDAY
  MAXIMUM         42   2:21 PM  60    1998  35      7       37
  MINIMUM         10   7:29 AM  -9    2015  12     -2       17
  AVERAGE         26                        24      2       27

PRECIPITATION (IN)
  YESTERDAY        0.00          T    2017   0.01  -0.01     0.00
                                      2005

  MONTH TO DATE    T                         0.27  -0.27     0.12
  SINCE SEP 1      0.75                      1.75  -1.00     3.94
  SINCE JAN 1      4.20                      7.20  -3.00     8.05

DEGREE DAYS
 HEATING
  YESTERDAY       39                        41     -2       38
  MONTH TO DATE  833                       906    -73      863
  SINCE SEP 1   1672                      1707    -35     1860
  SINCE JUL 1   1687                      1728    -41     1861

 COOLING
  YESTERDAY        0                         0      0        0
  MONTH TO DATE    0                         0      0        0
  SINCE SEP 1     45                        36      9       67
  SINCE JAN 1    862                       669    193      733
...................................................................


WIND (MPH)
  HIGHEST WIND SPEED     9   HIGHEST WIND DIRECTION    SE (120)
  HIGHEST GUST SPEED    14   HIGHEST GUST DIRECTION     E (100)
  AVERAGE WIND SPEED     3.2


SKY COVER
  POSSIBLE SUNSHINE  MM
  AVERAGE SKY COVER 0.0


WEATHER CONDITIONS
THE FOLLOWING WEATHER WAS RECORDED YESTERDAY.
  NO SIGNIFICANT WEATHER WAS OBSERVED.


RELATIVE HUMIDITY (PERCENT)
 HIGHEST    80           8:00 AM
 LOWEST     30           2:00 PM
 AVERAGE    55

..........................................................


THE GREYBULL WY CLIMATE NORMALS FOR TODAY
                         NORMAL    RECORD    YEAR
 MAXIMUM TEMPERATURE (F)   35        60      1998
 MINIMUM TEMPERATURE (F)   11       -10      2015


SUNRISE AND SUNSET
NOVEMBER 28 2020......SUNRISE   7:26 AM MST   SUNSET   4:35 PM MST
NOVEMBER 29 2020......SUNRISE   7:27 AM MST   SUNSET   4:34 PM MST


-  INDICATES NEGATIVE NUMBERS.
R  INDICATES RECORD WAS SET OR TIED.
MM INDICATES DATA IS MISSING.
T  INDICATES TRACE AMOUNT.




$$
