000
CDUS43 KFGF 290644
CLIGFK

CLIMATE REPORT
NATIONAL WEATHER SERVICE GRAND FORKS
1244 AM CST SUN NOV 29 2020

...................................

...THE GRAND FORKS INTL AP ND CLIMATE SUMMARY FOR NOVEMBER 28 2020...

CLIMATE NORMAL PERIOD 1981 TO 2010
CLIMATE RECORD PERIOD 1941 TO 2020


WEATHER ITEM   OBSERVED TIME   RECORD YEAR NORMAL DEPARTURE LAST
                VALUE   (LST)  VALUE       VALUE  FROM      YEAR
                                                  NORMAL
...................................................................
TEMPERATURE (F)
 YESTERDAY
  MAXIMUM         46    333 PM  52    1899  27     19       25
                                      1901
                                      1914
  MINIMUM         20    759 AM -29    1985  10     10       21
  AVERAGE         33                        19     14       23

PRECIPITATION (IN)
  YESTERDAY        0.00          0.73 2016   0.03  -0.03     0.00
  MONTH TO DATE    0.12                      0.91  -0.79     0.70
  SINCE SEP 1      0.79                      4.93  -4.14    12.32
  SINCE JAN 1     18.95                     20.16  -1.21    26.36

SNOWFALL (IN)
  YESTERDAY        0.0           3.6  1960   0.3   -0.3      0.0
  MONTH TO DATE    1.2                       7.0   -5.8      3.5
  SINCE SEP 1      3.9                       8.5   -4.6     10.6
  SINCE JUL 1      3.9                       8.5   -4.6     10.6
  SNOW DEPTH       0

DEGREE DAYS
 HEATING
  YESTERDAY       32                        46    -14       42
  MONTH TO DATE  943                      1074   -131     1114
  SINCE SEP 1   1999                      2023    -24     2100
  SINCE JUL 1   2018                      2105    -87     2150

 COOLING
  YESTERDAY        0                         0      0        0
  MONTH TO DATE    0                         0      0        0
  SINCE SEP 1      4                        27    -23       47
  SINCE JAN 1    541                       379    162      432
...................................................................


WIND (MPH)
  HIGHEST WIND SPEED    31   HIGHEST WIND DIRECTION    NW (300)
  HIGHEST GUST SPEED    42   HIGHEST GUST DIRECTION    NW (310)
  AVERAGE WIND SPEED    10.8


SKY COVER
  POSSIBLE SUNSHINE  MM
  AVERAGE SKY COVER 0.4


WEATHER CONDITIONS
THE FOLLOWING WEATHER WAS RECORDED YESTERDAY.
  NO SIGNIFICANT WEATHER WAS OBSERVED.


RELATIVE HUMIDITY (PERCENT)
 HIGHEST    85           900 AM
 LOWEST     44           800 PM
 AVERAGE    65

..........................................................


THE GRAND FORKS INTL AP ND CLIMATE NORMALS FOR TODAY
                         NORMAL    RECORD    YEAR
 MAXIMUM TEMPERATURE (F)   27        49      1899
                                             2017
 MINIMUM TEMPERATURE (F)   10       -31      1985


SUNRISE AND SUNSET
NOVEMBER 29 2020......SUNRISE   755 AM CST   SUNSET   439 PM CST
NOVEMBER 30 2020......SUNRISE   757 AM CST   SUNSET   438 PM CST


-  INDICATES NEGATIVE NUMBERS.
R  INDICATES RECORD WAS SET OR TIED.
MM INDICATES DATA IS MISSING.
T  INDICATES TRACE AMOUNT.




$$
