477
CDUS41 KALY 260650
CLIGFL

CLIMATE REPORT
NATIONAL WEATHER SERVICE ALBANY NY
150 AM EST THU NOV 26 2020

...................................

...THE GLENS FALLS NY CLIMATE SUMMARY FOR NOVEMBER 25 2020...

CLIMATE NORMAL PERIOD: 1981 TO 2010
CLIMATE RECORD PERIOD: 1893 TO 2020


WEATHER ITEM   OBSERVED TIME   RECORD YEAR NORMAL DEPARTURE LAST
                VALUE   (LST)  VALUE       VALUE  FROM      YEAR
                                                  NORMAL
...................................................................
TEMPERATURE (F)
 YESTERDAY
  MAXIMUM         42   3:01 PM  65    2001  43     -1       49
  MINIMUM         25   3:22 AM   6    2013  25      0       28
  AVERAGE         34                        34      0       39

PRECIPITATION (IN)
  YESTERDAY        0.17          1.23 1900   0.11   0.06     0.00
  MONTH TO DATE    1.74                      2.76  -1.02     2.10
  SINCE SEP 1      7.13                      9.65  -2.52    12.01
  SINCE JAN 1     31.20                     35.46  -4.26    40.80

DEGREE DAYS
 HEATING
  YESTERDAY       31                        31      0       26
  MONTH TO DATE  615                       679    -64      817
  SINCE SEP 1   1347                      1468   -121     1480
  SINCE JUL 1   1381                      1534   -153     1508

 COOLING
  YESTERDAY        0                         0      0        0
  MONTH TO DATE    0                         0      0        0
  SINCE SEP 1     24                        25     -1       21
  SINCE JAN 1    567                       352    215      416
...................................................................


WIND (MPH)
  HIGHEST WIND SPEED     6   HIGHEST WIND DIRECTION     E (110)
  HIGHEST GUST SPEED     7   HIGHEST GUST DIRECTION     E (110)
  AVERAGE WIND SPEED     0.5


SKY COVER
  AVERAGE SKY COVER 1.0


RELATIVE HUMIDITY (PERCENT)
 HIGHEST    97          10:00 PM
 LOWEST     72           7:00 PM
 AVERAGE    85

..........................................................


THE GLENS FALLS NY CLIMATE NORMALS FOR TODAY
                         NORMAL    RECORD    YEAR
 MAXIMUM TEMPERATURE (F)   42        64      1895
                                             1979
 MINIMUM TEMPERATURE (F)   24         4      1903


SUNRISE AND SUNSET
NOVEMBER 26 2020......SUNRISE   7:02 AM EST   SUNSET   4:22 PM EST
NOVEMBER 27 2020......SUNRISE   7:03 AM EST   SUNSET   4:21 PM EST


-  INDICATES NEGATIVE NUMBERS.
R  INDICATES RECORD WAS SET OR TIED.
MM INDICATES DATA IS MISSING.
T  INDICATES TRACE AMOUNT.




$$
